Last updated on 2025-05-29 04:50:38 CEST.
Flavor | Version | Tinstall | Tcheck | Ttotal | Status | Flags |
---|---|---|---|---|---|---|
r-devel-linux-x86_64-debian-clang | 2.0.6 | 2.07 | 19.77 | 21.84 | NOTE | |
r-devel-linux-x86_64-debian-gcc | 2.0.6 | 1.58 | 16.08 | 17.66 | NOTE | |
r-devel-linux-x86_64-fedora-clang | 2.0.6 | 34.82 | NOTE | |||
r-devel-linux-x86_64-fedora-gcc | 2.0.6 | 32.13 | NOTE | |||
r-devel-windows-x86_64 | 2.0.6 | 2.00 | 42.00 | 44.00 | NOTE | |
r-patched-linux-x86_64 | 2.0.6 | 2.09 | 18.83 | 20.92 | NOTE | |
r-release-linux-x86_64 | 2.0.6 | 2.08 | 19.11 | 21.19 | NOTE | |
r-release-macos-arm64 | 2.0.6 | 16.00 | NOTE | |||
r-release-macos-x86_64 | 2.0.6 | 26.00 | NOTE | |||
r-release-windows-x86_64 | 2.0.6 | 3.00 | 66.00 | 69.00 | NOTE | |
r-oldrel-macos-arm64 | 2.0.6 | 15.00 | NOTE | |||
r-oldrel-macos-x86_64 | 2.0.6 | 21.00 | NOTE | |||
r-oldrel-windows-x86_64 | 2.0.6 | 4.00 | 45.00 | 49.00 | NOTE |
Version: 2.0.6
Check: Rd files
Result: NOTE
checkRd: (-1) in.zoom.Rd:34: Lost braces in \itemize; meant \describe ?
checkRd: (-1) in.zoom.Rd:35: Lost braces in \itemize; meant \describe ?
checkRd: (-1) in.zoom.Rd:36: Lost braces in \itemize; meant \describe ?
checkRd: (-1) in.zoom.Rd:37: Lost braces in \itemize; meant \describe ?
checkRd: (-1) in.zoom.Rd:38: Lost braces in \itemize; meant \describe ?
checkRd: (-1) in.zoom.Rd:39: Lost braces in \itemize; meant \describe ?
checkRd: (-1) zm.Rd:30: Lost braces in \itemize; meant \describe ?
checkRd: (-1) zm.Rd:31: Lost braces in \itemize; meant \describe ?
checkRd: (-1) zm.Rd:32: Lost braces in \itemize; meant \describe ?
checkRd: (-1) zm.Rd:12: Lost braces in \itemize; meant \describe ?
checkRd: (-1) zm.Rd:13: Lost braces in \itemize; meant \describe ?
Flavors: r-devel-linux-x86_64-debian-clang, r-devel-linux-x86_64-debian-gcc, r-devel-linux-x86_64-fedora-clang, r-devel-linux-x86_64-fedora-gcc, r-devel-windows-x86_64, r-patched-linux-x86_64, r-release-linux-x86_64, r-release-macos-arm64, r-release-macos-x86_64, r-release-windows-x86_64, r-oldrel-macos-arm64, r-oldrel-macos-x86_64, r-oldrel-windows-x86_64