Last updated on 2025-05-28 17:57:42 CEST.
Flavor | Version | Tinstall | Tcheck | Ttotal | Status | Flags |
---|---|---|---|---|---|---|
r-devel-linux-x86_64-debian-clang | 1.10.3 | 10.58 | 94.97 | 105.55 | NOTE | |
r-devel-linux-x86_64-debian-gcc | 1.10.3 | 7.60 | 64.99 | 72.59 | NOTE | |
r-devel-linux-x86_64-fedora-clang | 1.10.3 | 169.63 | OK | |||
r-devel-linux-x86_64-fedora-gcc | 1.10.3 | 159.92 | OK | |||
r-devel-windows-x86_64 | 1.10.3 | 14.00 | 102.00 | 116.00 | OK | |
r-patched-linux-x86_64 | 1.10.3 | 12.49 | 89.43 | 101.92 | OK | |
r-release-linux-x86_64 | 1.10.3 | 11.38 | 89.22 | 100.60 | OK | |
r-release-macos-arm64 | 1.10.3 | 43.00 | OK | |||
r-release-macos-x86_64 | 1.10.3 | 81.00 | OK | |||
r-release-windows-x86_64 | 1.10.3 | 12.00 | 101.00 | 113.00 | OK | |
r-oldrel-macos-arm64 | 1.10.3 | 41.00 | OK | |||
r-oldrel-macos-x86_64 | 1.10.3 | 63.00 | OK | |||
r-oldrel-windows-x86_64 | 1.10.3 | 16.00 | 121.00 | 137.00 | OK |
Version: 1.10.3
Check: CRAN incoming feasibility
Result: NOTE
Maintainer: ‘Alexander Kowarik <alexander.kowarik@statistik.gv.at>’
No Authors@R field in DESCRIPTION.
Please add one, modifying
Authors@R: c(person(given = "Alexander",
family = "Kowarik",
role = c("aut", "cre"),
email = "alexander.kowarik@statistik.gv.at"),
person(given = "Angelika",
family = "Meraner",
role = "aut"))
as necessary.
Package CITATION file contains call(s) to old-style personList() or
as.personList(). Please use c() on person objects instead.
Package CITATION file contains call(s) to old-style citEntry(). Please
use bibentry() instead.
Flavors: r-devel-linux-x86_64-debian-clang, r-devel-linux-x86_64-debian-gcc