Last updated on 2025-05-28 17:57:41 CEST.
Flavor | Version | Tinstall | Tcheck | Ttotal | Status | Flags |
---|---|---|---|---|---|---|
r-devel-linux-x86_64-debian-clang | 0.2-8 | 26.31 | 109.42 | 135.73 | NOTE | |
r-devel-linux-x86_64-debian-gcc | 0.2-8 | 21.00 | 81.08 | 102.08 | NOTE | |
r-devel-linux-x86_64-fedora-clang | 0.2-8 | 218.60 | OK | |||
r-devel-linux-x86_64-fedora-gcc | 0.2-8 | 228.29 | OK | |||
r-devel-windows-x86_64 | 0.2-8 | 33.00 | 152.00 | 185.00 | NOTE | |
r-patched-linux-x86_64 | 0.2-8 | 31.61 | 104.58 | 136.19 | NOTE | |
r-release-linux-x86_64 | 0.2-8 | 27.69 | 105.20 | 132.89 | NOTE | |
r-release-macos-arm64 | 0.2-8 | 86.00 | OK | |||
r-release-macos-x86_64 | 0.2-8 | 147.00 | OK | |||
r-release-windows-x86_64 | 0.2-8 | 34.00 | 151.00 | 185.00 | NOTE | |
r-oldrel-macos-arm64 | 0.2-8 | 70.00 | OK | |||
r-oldrel-macos-x86_64 | 0.2-8 | 119.00 | OK | |||
r-oldrel-windows-x86_64 | 0.2-8 | 41.00 | 193.00 | 234.00 | OK |
Version: 0.2-8
Check: Rd cross-references
Result: NOTE
Found the following Rd file(s) with Rd \link{} targets missing package
anchors:
DSM_TermContextMatrix.Rd: dgCMatrix-class
as_distmat.Rd: sparseMatrix
dsm.Rd: sparseMatrix-class, dMatrix-class
dsm_canonical_matrix.Rd: dgTMatrix-class, dgCMatrix-class,
denseMatrix-class
dsm_projection.Rd: sparsesvd
rsvd.Rd: sparsesvd
signcount.Rd: Matrix, dgeMatrix-class, dgCMatrix-class,
dgRMatrix-class
Please provide package anchors for all Rd \link{} targets not in the
package itself and the base packages.
Flavors: r-devel-linux-x86_64-debian-clang, r-devel-linux-x86_64-debian-gcc, r-devel-windows-x86_64, r-patched-linux-x86_64, r-release-linux-x86_64, r-release-windows-x86_64