Last updated on 2025-05-28 04:52:33 CEST.
Flavor | Version | Tinstall | Tcheck | Ttotal | Status | Flags |
---|---|---|---|---|---|---|
r-devel-linux-x86_64-debian-clang | 2.1.2 | 4.82 | 654.52 | 659.34 | NOTE | |
r-devel-linux-x86_64-debian-gcc | 2.1.2 | 3.23 | 399.30 | 402.53 | NOTE | |
r-devel-linux-x86_64-fedora-clang | 2.1.2 | 734.94 | ERROR | |||
r-devel-linux-x86_64-fedora-gcc | 2.1.2 | 5933.81 | ERROR | |||
r-devel-windows-x86_64 | 2.1.2 | 7.00 | 713.00 | 720.00 | NOTE | |
r-patched-linux-x86_64 | 2.1.2 | 5.18 | 605.14 | 610.32 | NOTE | |
r-release-linux-x86_64 | 2.1.2 | 4.59 | 594.63 | 599.22 | NOTE | |
r-release-macos-arm64 | 2.1.2 | 319.00 | NOTE | |||
r-release-macos-x86_64 | 2.1.2 | 815.00 | NOTE | |||
r-release-windows-x86_64 | 2.1.2 | 9.00 | 696.00 | 705.00 | NOTE | |
r-oldrel-macos-arm64 | 2.1.2 | 296.00 | OK | |||
r-oldrel-macos-x86_64 | 2.1.2 | 507.00 | OK | |||
r-oldrel-windows-x86_64 | 2.1.2 | 9.00 | 954.00 | 963.00 | OK |
Version: 2.1.2
Check: DESCRIPTION meta-information
Result: NOTE
Missing dependency on R >= 4.1.0 because package code uses the pipe
|> or function shorthand \(...) syntax added in R 4.1.0.
File(s) using such syntax:
‘general_gd.R’ ‘plot_gd.R’ ‘window_gd.R’
Flavors: r-devel-linux-x86_64-debian-clang, r-devel-linux-x86_64-debian-gcc, r-devel-linux-x86_64-fedora-clang, r-devel-linux-x86_64-fedora-gcc, r-devel-windows-x86_64, r-patched-linux-x86_64, r-release-linux-x86_64, r-release-macos-arm64, r-release-macos-x86_64, r-release-windows-x86_64
Version: 2.1.2
Check: re-building of vignette outputs
Result: ERROR
Error(s) in re-building vignettes:
--- re-building ‘wingen-vignette.Rmd’ using rmarkdown
OMP: Warning #96: Cannot form a team with 24 threads, using 2 instead.
OMP: Hint Consider unsetting KMP_DEVICE_THREAD_LIMIT (KMP_ALL_THREADS), KMP_TEAMS_THREAD_LIMIT, and OMP_THREAD_LIMIT (if any are set).
Flavor: r-devel-linux-x86_64-fedora-clang
Version: 2.1.2
Check: re-building of vignette outputs
Result: ERROR
Error(s) in re-building vignettes:
--- re-building ‘wingen-vignette.Rmd’ using rmarkdown
Flavor: r-devel-linux-x86_64-fedora-gcc