Last updated on 2025-05-28 17:57:41 CEST.
Flavor | Version | Tinstall | Tcheck | Ttotal | Status | Flags |
---|---|---|---|---|---|---|
r-devel-linux-x86_64-debian-clang | 0.3.2 | 9.68 | 128.25 | 137.93 | NOTE | |
r-devel-linux-x86_64-debian-gcc | 0.3.2 | 7.57 | 84.16 | 91.73 | NOTE | |
r-devel-linux-x86_64-fedora-clang | 0.3.2 | 218.94 | OK | |||
r-devel-linux-x86_64-fedora-gcc | 0.3.2 | 222.10 | OK | |||
r-devel-windows-x86_64 | 0.3.2 | 10.00 | 131.00 | 141.00 | OK | |
r-patched-linux-x86_64 | 0.3.2 | 9.25 | 123.97 | 133.22 | OK | |
r-release-linux-x86_64 | 0.3.2 | 9.72 | 122.64 | 132.36 | OK | |
r-release-macos-arm64 | 0.3.2 | 65.00 | OK | |||
r-release-macos-x86_64 | 0.3.2 | 138.00 | OK | |||
r-release-windows-x86_64 | 0.3.2 | 10.00 | 132.00 | 142.00 | OK | |
r-oldrel-macos-arm64 | 0.3.2 | 60.00 | OK | |||
r-oldrel-macos-x86_64 | 0.3.2 | 98.00 | OK | |||
r-oldrel-windows-x86_64 | 0.3.2 | 14.00 | 168.00 | 182.00 | OK |
Version: 0.3.2
Check: CRAN incoming feasibility
Result: NOTE
Maintainer: ‘Pablo J. Villacorta <pjvi@decsai.ugr.es>’
No Authors@R field in DESCRIPTION.
Please add one, modifying
Authors@R: person(given = c("Pablo", "J."),
family = "Villacorta",
role = c("aut", "cre"),
email = "pjvi@decsai.ugr.es")
as necessary.
Flavors: r-devel-linux-x86_64-debian-clang, r-devel-linux-x86_64-debian-gcc