CRAN Package Check Results for Package wbsts

Last updated on 2025-07-21 23:50:55 CEST.

Flavor Version Tinstall Tcheck Ttotal Status Flags
r-devel-linux-x86_64-debian-clang 2.1 12.22 28.04 40.26 NOTE
r-devel-linux-x86_64-debian-gcc 2.1 9.23 22.81 32.04 NOTE
r-devel-linux-x86_64-fedora-clang 2.1 65.65 OK
r-devel-linux-x86_64-fedora-gcc 2.1 63.84 OK
r-devel-windows-x86_64 2.1 13.00 66.00 79.00 OK
r-patched-linux-x86_64 2.1 12.81 26.53 39.34 OK
r-release-linux-x86_64 2.1 12.06 26.46 38.52 OK
r-release-macos-arm64 2.1 25.00 OK
r-release-macos-x86_64 2.1 49.00 OK
r-release-windows-x86_64 2.1 15.00 69.00 84.00 OK
r-oldrel-macos-arm64 2.1 26.00 OK
r-oldrel-macos-x86_64 2.1 36.00 OK
r-oldrel-windows-x86_64 2.1 15.00 78.00 93.00 OK

Check Details

Version: 2.1
Check: CRAN incoming feasibility
Result: NOTE Maintainer: ‘Karolos Korkas <kkorkas@yahoo.co.uk>’ No Authors@R field in DESCRIPTION. Please add one, modifying Authors@R: c(person(given = "Karolos", family = "Korkas", role = c("aut", "cre"), email = "kkorkas@yahoo.co.uk"), person(given = "Piotr", family = "Fryzlewicz", role = "aut")) as necessary. Flavors: r-devel-linux-x86_64-debian-clang, r-devel-linux-x86_64-debian-gcc