Last updated on 2025-05-28 09:53:24 CEST.
Flavor | Version | Tinstall | Tcheck | Ttotal | Status | Flags |
---|---|---|---|---|---|---|
r-devel-linux-x86_64-debian-clang | 2.1 | 11.36 | 27.63 | 38.99 | NOTE | |
r-devel-linux-x86_64-debian-gcc | 2.1 | 9.26 | 21.17 | 30.43 | NOTE | |
r-devel-linux-x86_64-fedora-clang | 2.1 | 65.90 | OK | |||
r-devel-linux-x86_64-fedora-gcc | 2.1 | 63.56 | OK | |||
r-devel-windows-x86_64 | 2.1 | 15.00 | 68.00 | 83.00 | OK | |
r-patched-linux-x86_64 | 2.1 | 11.02 | 26.65 | 37.67 | OK | |
r-release-linux-x86_64 | 2.1 | 12.81 | 26.35 | 39.16 | OK | |
r-release-macos-arm64 | 2.1 | 25.00 | OK | |||
r-release-macos-x86_64 | 2.1 | 49.00 | OK | |||
r-release-windows-x86_64 | 2.1 | 16.00 | 72.00 | 88.00 | OK | |
r-oldrel-macos-arm64 | 2.1 | 26.00 | OK | |||
r-oldrel-macos-x86_64 | 2.1 | 36.00 | OK | |||
r-oldrel-windows-x86_64 | 2.1 | 14.00 | 73.00 | 87.00 | OK |
Version: 2.1
Check: CRAN incoming feasibility
Result: NOTE
Maintainer: ‘Karolos Korkas <kkorkas@yahoo.co.uk>’
No Authors@R field in DESCRIPTION.
Please add one, modifying
Authors@R: c(person(given = "Karolos",
family = "Korkas",
role = c("aut", "cre"),
email = "kkorkas@yahoo.co.uk"),
person(given = "Piotr",
family = "Fryzlewicz",
role = "aut"))
as necessary.
Flavors: r-devel-linux-x86_64-debian-clang, r-devel-linux-x86_64-debian-gcc