Last updated on 2025-07-16 09:51:34 CEST.
Flavor | Version | Tinstall | Tcheck | Ttotal | Status | Flags |
---|---|---|---|---|---|---|
r-devel-linux-x86_64-debian-clang | 0.4 | 7.78 | 89.33 | 97.11 | OK | |
r-devel-linux-x86_64-debian-gcc | 0.4 | 6.67 | 68.99 | 75.66 | OK | |
r-devel-linux-x86_64-fedora-clang | 0.4 | 168.05 | OK | |||
r-devel-linux-x86_64-fedora-gcc | 0.4 | 151.52 | OK | |||
r-devel-windows-x86_64 | 0.4 | 9.00 | 92.00 | 101.00 | OK | |
r-patched-linux-x86_64 | 0.4 | 7.92 | 86.69 | 94.61 | OK | |
r-release-linux-x86_64 | 0.4 | 7.04 | 86.22 | 93.26 | OK | |
r-release-macos-arm64 | 0.4 | 48.00 | OK | |||
r-release-macos-x86_64 | 0.4 | 75.00 | OK | |||
r-release-windows-x86_64 | 0.4 | 9.00 | 107.00 | 116.00 | OK | |
r-oldrel-macos-arm64 | 0.4 | 45.00 | NOTE | |||
r-oldrel-macos-x86_64 | 0.4 | 67.00 | NOTE | |||
r-oldrel-windows-x86_64 | 0.4 | 12.00 | 121.00 | 133.00 | NOTE |
Version: 0.4
Check: LazyData
Result: NOTE
'LazyData' is specified without a 'data' directory
Flavors: r-oldrel-macos-arm64, r-oldrel-macos-x86_64, r-oldrel-windows-x86_64