Last updated on 2025-07-21 13:51:09 CEST.
Flavor | Version | Tinstall | Tcheck | Ttotal | Status | Flags |
---|---|---|---|---|---|---|
r-devel-linux-x86_64-debian-clang | 0.4.15 | 35.69 | 102.60 | 138.29 | NOTE | |
r-devel-linux-x86_64-debian-gcc | 0.4.15 | 26.78 | 69.68 | 96.46 | NOTE | |
r-devel-linux-x86_64-fedora-clang | 0.4.15 | 237.02 | NOTE | |||
r-devel-linux-x86_64-fedora-gcc | 0.4.15 | 242.78 | NOTE | |||
r-devel-windows-x86_64 | 0.4.15 | 44.00 | 142.00 | 186.00 | NOTE | |
r-patched-linux-x86_64 | 0.4.15 | 38.71 | 95.24 | 133.95 | NOTE | |
r-release-linux-x86_64 | 0.4.15 | 36.50 | 95.96 | 132.46 | NOTE | |
r-release-macos-arm64 | 0.4.15 | 85.00 | NOTE | |||
r-release-macos-x86_64 | 0.4.15 | 142.00 | NOTE | |||
r-release-windows-x86_64 | 0.4.15 | 43.00 | 146.00 | 189.00 | NOTE | |
r-oldrel-macos-arm64 | 0.4.15 | 43.00 | NOTE | |||
r-oldrel-macos-x86_64 | 0.4.15 | 71.00 | NOTE | |||
r-oldrel-windows-x86_64 | 0.4.15 | 52.00 | 182.00 | 234.00 | NOTE |
Version: 0.4.15
Check: C++ specification
Result: NOTE
Specified C++11: please drop specification unless essential
Flavors: r-devel-linux-x86_64-debian-clang, r-devel-linux-x86_64-debian-gcc, r-devel-linux-x86_64-fedora-clang, r-devel-linux-x86_64-fedora-gcc, r-devel-windows-x86_64, r-patched-linux-x86_64, r-release-linux-x86_64, r-release-macos-arm64, r-release-macos-x86_64, r-release-windows-x86_64, r-oldrel-macos-arm64, r-oldrel-macos-x86_64, r-oldrel-windows-x86_64
Version: 0.4.15
Check: installed package size
Result: NOTE
installed size is 8.7Mb
sub-directories of 1Mb or more:
data 4.6Mb
libs 2.7Mb
Flavors: r-oldrel-macos-arm64, r-oldrel-macos-x86_64, r-oldrel-windows-x86_64
Version: 0.4.15
Check: for GNU extensions in Makefiles
Result: NOTE
GNU make is a SystemRequirements.
Flavors: r-oldrel-macos-arm64, r-oldrel-macos-x86_64, r-oldrel-windows-x86_64