Last updated on 2025-05-25 04:50:36 CEST.
Flavor | Version | Tinstall | Tcheck | Ttotal | Status | Flags |
---|---|---|---|---|---|---|
r-devel-linux-x86_64-debian-clang | 1.0.3 | 95.92 | 527.06 | 622.98 | OK | |
r-devel-linux-x86_64-debian-gcc | 1.0.3 | 83.92 | 333.06 | 416.98 | OK | |
r-devel-linux-x86_64-fedora-clang | 1.0.3 | 1017.30 | OK | |||
r-devel-linux-x86_64-fedora-gcc | 1.0.3 | 1143.78 | OK | |||
r-devel-windows-x86_64 | 1.0.3 | 111.00 | 553.00 | 664.00 | OK | |
r-patched-linux-x86_64 | 1.0.3 | 117.67 | 522.78 | 640.45 | OK | |
r-release-linux-x86_64 | 1.0.3 | 114.38 | 527.42 | 641.80 | OK | |
r-release-macos-arm64 | 1.0.3 | 158.00 | OK | |||
r-release-macos-x86_64 | 1.0.3 | 316.00 | OK | |||
r-release-windows-x86_64 | 1.0.3 | 108.00 | 547.00 | 655.00 | OK | |
r-oldrel-macos-arm64 | 1.0.3 | 183.00 | NOTE | |||
r-oldrel-macos-x86_64 | 1.0.3 | 344.00 | NOTE | |||
r-oldrel-windows-x86_64 | 1.0.3 | 129.00 | 454.00 | 583.00 | NOTE |
Version: 1.0.3
Check: installed package size
Result: NOTE
installed size is 45.7Mb
sub-directories of 1Mb or more:
libs 45.0Mb
Flavors: r-oldrel-macos-arm64, r-oldrel-macos-x86_64, r-oldrel-windows-x86_64