CRAN Package Check Results for Package trawl

Last updated on 2025-05-27 23:52:10 CEST.

Flavor Version Tinstall Tcheck Ttotal Status Flags
r-devel-linux-x86_64-debian-clang 0.2.2 2.90 85.45 88.35 NOTE
r-devel-linux-x86_64-debian-gcc 0.2.2 2.40 63.56 65.96 NOTE
r-devel-linux-x86_64-fedora-clang 0.2.2 152.33 OK
r-devel-linux-x86_64-fedora-gcc 0.2.2 166.91 OK
r-devel-windows-x86_64 0.2.2 5.00 177.00 182.00 OK
r-patched-linux-x86_64 0.2.2 3.87 83.16 87.03 OK
r-release-linux-x86_64 0.2.2 3.27 82.31 85.58 OK
r-release-macos-arm64 0.2.2 69.00 OK
r-release-macos-x86_64 0.2.2 111.00 OK
r-release-windows-x86_64 0.2.2 6.00 178.00 184.00 OK
r-oldrel-macos-arm64 0.2.2 64.00 NOTE
r-oldrel-macos-x86_64 0.2.2 86.00 NOTE
r-oldrel-windows-x86_64 0.2.2 6.00 188.00 194.00 NOTE

Check Details

Version: 0.2.2
Check: CRAN incoming feasibility
Result: NOTE Maintainer: ‘Almut E. D. Veraart <a.veraart@imperial.ac.uk>’ No Authors@R field in DESCRIPTION. Please add one, modifying Authors@R: person(given = c("Almut", "E.", "D."), family = "Veraart", role = c("aut", "cre"), email = "a.veraart@imperial.ac.uk") as necessary. Package CITATION file contains call(s) to old-style personList() or as.personList(). Please use c() on person objects instead. Package CITATION file contains call(s) to old-style citEntry(). Please use bibentry() instead. Flavors: r-devel-linux-x86_64-debian-clang, r-devel-linux-x86_64-debian-gcc

Version: 0.2.2
Check: LazyData
Result: NOTE 'LazyData' is specified without a 'data' directory Flavors: r-oldrel-macos-arm64, r-oldrel-macos-x86_64, r-oldrel-windows-x86_64