Last updated on 2025-05-28 17:57:40 CEST.
Flavor | Version | Tinstall | Tcheck | Ttotal | Status | Flags |
---|---|---|---|---|---|---|
r-devel-linux-x86_64-debian-clang | 0.2-13 | 4.03 | 24.73 | 28.76 | NOTE | |
r-devel-linux-x86_64-debian-gcc | 0.2-13 | 2.82 | 19.64 | 22.46 | NOTE | |
r-devel-linux-x86_64-fedora-clang | 0.2-13 | 43.21 | OK | |||
r-devel-linux-x86_64-fedora-gcc | 0.2-13 | 40.89 | OK | |||
r-devel-windows-x86_64 | 0.2-13 | 10.00 | 51.00 | 61.00 | OK | |
r-patched-linux-x86_64 | 0.2-13 | 3.76 | 23.62 | 27.38 | OK | |
r-release-linux-x86_64 | 0.2-13 | 3.26 | 24.27 | 27.53 | OK | |
r-release-macos-arm64 | 0.2-13 | 24.00 | OK | |||
r-release-macos-x86_64 | 0.2-13 | 32.00 | OK | |||
r-release-windows-x86_64 | 0.2-13 | 8.00 | 54.00 | 62.00 | OK | |
r-oldrel-macos-arm64 | 0.2-13 | 27.00 | OK | |||
r-oldrel-macos-x86_64 | 0.2-13 | 29.00 | OK | |||
r-oldrel-windows-x86_64 | 0.2-13 | 11.00 | 55.00 | 66.00 | OK |
Version: 0.2-13
Check: CRAN incoming feasibility
Result: NOTE
Maintainer: ‘Jian Li <rweibo@sina.com>’
No Authors@R field in DESCRIPTION.
Please add one, modifying
Authors@R: person(given = "Jian",
family = "Li",
role = c("aut", "cre"),
email = "rweibo@sina.com")
as necessary.
Flavors: r-devel-linux-x86_64-debian-clang, r-devel-linux-x86_64-debian-gcc