Last updated on 2025-05-25 13:49:58 CEST.
Flavor | Version | Tinstall | Tcheck | Ttotal | Status | Flags |
---|---|---|---|---|---|---|
r-devel-linux-x86_64-debian-clang | 0.3.0 | 9.85 | 73.16 | 83.01 | NOTE | |
r-devel-linux-x86_64-debian-gcc | 0.3.0 | 6.80 | 54.23 | 61.03 | NOTE | |
r-devel-linux-x86_64-fedora-clang | 0.3.0 | 132.73 | OK | |||
r-devel-linux-x86_64-fedora-gcc | 0.3.0 | 123.13 | OK | |||
r-devel-windows-x86_64 | 0.3.0 | 11.00 | 134.00 | 145.00 | OK | |
r-patched-linux-x86_64 | 0.3.0 | 9.33 | 70.71 | 80.04 | OK | |
r-release-linux-x86_64 | 0.3.0 | 8.03 | 70.12 | 78.15 | OK | |
r-release-macos-arm64 | 0.3.0 | 45.00 | OK | |||
r-release-macos-x86_64 | 0.3.0 | 64.00 | OK | |||
r-release-windows-x86_64 | 0.3.0 | 10.00 | 80.00 | 90.00 | OK | |
r-oldrel-macos-arm64 | 0.3.0 | 40.00 | OK | |||
r-oldrel-macos-x86_64 | 0.3.0 | 53.00 | OK | |||
r-oldrel-windows-x86_64 | 0.3.0 | 14.00 | 97.00 | 111.00 | OK |
Version: 0.3.0
Check: CRAN incoming feasibility
Result: NOTE
Maintainer: ‘Anya Umlauf <aumlauf@health.ucsd.edu>’
No Authors@R field in DESCRIPTION.
Please add one, modifying
Authors@R: person(given = "Anya",
family = "Umlauf",
role = c("aut", "cre"),
email = "aumlauf@health.ucsd.edu")
as necessary.
Flavors: r-devel-linux-x86_64-debian-clang, r-devel-linux-x86_64-debian-gcc