CRAN Package Check Results for Package tea

Last updated on 2025-05-28 17:57:39 CEST.

Flavor Version Tinstall Tcheck Ttotal Status Flags
r-devel-linux-x86_64-debian-clang 1.1 6.94 73.10 80.04 NOTE
r-devel-linux-x86_64-debian-gcc 1.1 5.31 52.11 57.42 NOTE
r-devel-linux-x86_64-fedora-clang 1.1 127.13 OK
r-devel-linux-x86_64-fedora-gcc 1.1 117.98 OK
r-devel-windows-x86_64 1.1 10.00 90.00 100.00 OK
r-patched-linux-x86_64 1.1 8.41 71.01 79.42 OK
r-release-linux-x86_64 1.1 8.36 70.52 78.88 OK
r-release-macos-arm64 1.1 39.00 OK
r-release-macos-x86_64 1.1 80.00 OK
r-release-windows-x86_64 1.1 9.00 94.00 103.00 OK
r-oldrel-macos-arm64 1.1 37.00 OK
r-oldrel-macos-x86_64 1.1 55.00 OK
r-oldrel-windows-x86_64 1.1 12.00 108.00 120.00 OK

Check Details

Version: 1.1
Check: CRAN incoming feasibility
Result: NOTE Maintainer: ‘Johannes Ossberger <johannes.ossberger@gmail.com>’ No Authors@R field in DESCRIPTION. Please add one, modifying Authors@R: person(given = "Johannes", family = "Ossberger", role = c("aut", "cre"), email = "johannes.ossberger@gmail.com") as necessary. Flavors: r-devel-linux-x86_64-debian-clang, r-devel-linux-x86_64-debian-gcc