Last updated on 2025-05-28 09:53:22 CEST.
Flavor | Version | Tinstall | Tcheck | Ttotal | Status | Flags |
---|---|---|---|---|---|---|
r-devel-linux-x86_64-debian-clang | 1.0.5-5 | 7.19 | 118.09 | 125.28 | OK | |
r-devel-linux-x86_64-debian-gcc | 1.0.5-5 | 4.61 | 87.23 | 91.84 | ERROR | |
r-devel-linux-x86_64-fedora-clang | 1.0.5-5 | 202.67 | OK | |||
r-devel-linux-x86_64-fedora-gcc | 1.0.5-5 | 199.87 | OK | |||
r-devel-windows-x86_64 | 1.0.5-5 | 9.00 | 106.00 | 115.00 | OK | |
r-patched-linux-x86_64 | 1.0.5-5 | 7.48 | 116.24 | 123.72 | OK | |
r-release-linux-x86_64 | 1.0.5-5 | 6.84 | 116.42 | 123.26 | OK | |
r-release-macos-arm64 | 1.0.5-5 | 60.00 | OK | |||
r-release-macos-x86_64 | 1.0.5-5 | 119.00 | OK | |||
r-release-windows-x86_64 | 1.0.5-5 | 9.00 | 106.00 | 115.00 | OK | |
r-oldrel-macos-arm64 | 1.0.5-5 | 213.00 | NOTE | |||
r-oldrel-macos-x86_64 | 1.0.5-5 | 245.00 | NOTE | |||
r-oldrel-windows-x86_64 | 1.0.5-5 | 12.00 | 133.00 | 145.00 | NOTE |
Version: 1.0.5-5
Check: tests
Result: ERROR
Running ‘testthat.R’ [32s/30s]
Running the tests in ‘tests/testthat.R’ failed.
Complete output:
> library("testthat")
> library("tabulapdf")
>
> stop_logging()
> test_check("tabulapdf")
[ FAIL 1 | WARN 2 | SKIP 0 | PASS 91 ]
══ Failed tests ════════════════════════════════════════════════════════════════
── Error ('test_extract_tables.R:38:3'): Import from remote non-Western file ───
Error in `utils::download.file(path, tmp, quiet = quiet, mode = "wb")`: cannot open URL 'https://github.com/tabulapdf/tabula-java/raw/master/src/test/resources/technology/tabula/arabic.pdf'
Backtrace:
▆
1. └─tabulapdf::extract_tables(f3) at test_extract_tables.R:38:3
2. └─tabulapdf:::load_doc(file, password = password, copy = copy)
3. └─tabulapdf:::localize_file(path = file, copy = copy)
4. └─utils::download.file(path, tmp, quiet = quiet, mode = "wb")
[ FAIL 1 | WARN 2 | SKIP 0 | PASS 91 ]
Error: Test failures
Execution halted
Flavor: r-devel-linux-x86_64-debian-gcc
Version: 1.0.5-5
Check: installed package size
Result: NOTE
installed size is 13.7Mb
sub-directories of 1Mb or more:
java 12.7Mb
Flavors: r-oldrel-macos-arm64, r-oldrel-macos-x86_64, r-oldrel-windows-x86_64