Last updated on 2025-07-24 17:49:39 CEST.
Flavor | Version | Tinstall | Tcheck | Ttotal | Status | Flags |
---|---|---|---|---|---|---|
r-devel-linux-x86_64-debian-clang | 3.4.3 | 2.25 | 21.31 | 23.56 | OK | |
r-devel-linux-x86_64-debian-gcc | 3.4.3 | 2.13 | 18.15 | 20.28 | OK | |
r-devel-linux-x86_64-fedora-clang | 3.4.3 | 35.16 | OK | |||
r-devel-linux-x86_64-fedora-gcc | 3.4.3 | 35.22 | OK | |||
r-devel-windows-x86_64 | 3.4.3 | 10.00 | 54.00 | 64.00 | OK | |
r-patched-linux-x86_64 | 3.4.3 | 6.00 | 20.23 | 26.23 | OK | |
r-release-linux-x86_64 | 3.4.3 | 2.14 | 20.37 | 22.51 | OK | |
r-release-macos-arm64 | 3.4.3 | 27.00 | OK | |||
r-release-macos-x86_64 | 3.4.3 | 40.00 | OK | |||
r-release-windows-x86_64 | 3.4.3 | 10.00 | 59.00 | 69.00 | OK | |
r-oldrel-macos-arm64 | 3.4.3 | 31.00 | OK | |||
r-oldrel-macos-x86_64 | 3.4.3 | 59.00 | OK | |||
r-oldrel-windows-x86_64 | 3.4.3 | 9.00 | 59.00 | 68.00 | NOTE |
Version: 3.4.3
Check: package dependencies
Result: NOTE
Package suggested but not available for checking: 'unix'
Flavor: r-oldrel-windows-x86_64