Last updated on 2025-05-25 13:49:57 CEST.
Flavor | Version | Tinstall | Tcheck | Ttotal | Status | Flags |
---|---|---|---|---|---|---|
r-devel-linux-x86_64-debian-clang | 2.4.5 | 6.52 | 50.28 | 56.80 | OK | |
r-devel-linux-x86_64-debian-gcc | 2.4.5 | 4.38 | 37.04 | 41.42 | OK | |
r-devel-linux-x86_64-fedora-clang | 2.4.5 | 90.83 | OK | |||
r-devel-linux-x86_64-fedora-gcc | 2.4.5 | 85.17 | OK | |||
r-devel-windows-x86_64 | 2.4.5 | 10.00 | 143.00 | 153.00 | OK | |
r-patched-linux-x86_64 | 2.4.5 | 6.06 | 47.15 | 53.21 | OK | |
r-release-linux-x86_64 | 2.4.5 | 6.54 | 47.27 | 53.81 | OK | |
r-release-macos-arm64 | 2.4.5 | 42.00 | OK | |||
r-release-macos-x86_64 | 2.4.5 | 51.00 | OK | |||
r-release-windows-x86_64 | 2.4.5 | 10.00 | 86.00 | 96.00 | OK | |
r-oldrel-macos-arm64 | 2.4.5 | 30.00 | NOTE | |||
r-oldrel-macos-x86_64 | 2.4.5 | 43.00 | NOTE | |||
r-oldrel-windows-x86_64 | 2.4.5 | 10.00 | 92.00 | 102.00 | NOTE |
Version: 2.4.5
Check: LazyData
Result: NOTE
'LazyData' is specified without a 'data' directory
Flavors: r-oldrel-macos-arm64, r-oldrel-macos-x86_64, r-oldrel-windows-x86_64