CRAN Package Check Results for Package svrpath

Last updated on 2025-05-25 04:50:34 CEST.

Flavor Version Tinstall Tcheck Ttotal Status Flags
r-devel-linux-x86_64-debian-clang 0.1.2 5.40 40.41 45.81 OK
r-devel-linux-x86_64-debian-gcc 0.1.2 3.89 28.73 32.62 OK
r-devel-linux-x86_64-fedora-clang 0.1.2 73.84 OK
r-devel-linux-x86_64-fedora-gcc 0.1.2 71.56 OK
r-devel-windows-x86_64 0.1.2 6.00 60.00 66.00 OK
r-patched-linux-x86_64 0.1.2 5.21 38.13 43.34 OK
r-release-linux-x86_64 0.1.2 4.63 37.91 42.54 OK
r-release-macos-arm64 0.1.2 23.00 OK
r-release-macos-x86_64 0.1.2 41.00 OK
r-release-windows-x86_64 0.1.2 5.00 58.00 63.00 OK
r-oldrel-macos-arm64 0.1.2 22.00 NOTE
r-oldrel-macos-x86_64 0.1.2 33.00 NOTE
r-oldrel-windows-x86_64 0.1.2 5.00 54.00 59.00 NOTE

Additional issues

donttest

Check Details

Version: 0.1.2
Check: LazyData
Result: NOTE 'LazyData' is specified without a 'data' directory Flavors: r-oldrel-macos-arm64, r-oldrel-macos-x86_64, r-oldrel-windows-x86_64