Last updated on 2025-05-24 23:50:27 CEST.
Flavor | Version | Tinstall | Tcheck | Ttotal | Status | Flags |
---|---|---|---|---|---|---|
r-devel-linux-x86_64-debian-clang | 0.4-0 | 2.64 | 25.60 | 28.24 | NOTE | |
r-devel-linux-x86_64-debian-gcc | 0.4-0 | 1.95 | 19.98 | 21.93 | NOTE | |
r-devel-linux-x86_64-fedora-clang | 0.4-0 | 44.30 | OK | |||
r-devel-linux-x86_64-fedora-gcc | 0.4-0 | 42.48 | OK | |||
r-devel-windows-x86_64 | 0.4-0 | 4.00 | 89.00 | 93.00 | OK | |
r-patched-linux-x86_64 | 0.4-0 | 2.74 | 24.70 | 27.44 | OK | |
r-release-linux-x86_64 | 0.4-0 | 2.33 | 24.63 | 26.96 | OK | |
r-release-macos-arm64 | 0.4-0 | 16.00 | OK | |||
r-release-macos-x86_64 | 0.4-0 | 28.00 | OK | |||
r-release-windows-x86_64 | 0.4-0 | 3.00 | 62.00 | 65.00 | OK | |
r-oldrel-macos-arm64 | 0.4-0 | 16.00 | OK | |||
r-oldrel-macos-x86_64 | 0.4-0 | 23.00 | OK | |||
r-oldrel-windows-x86_64 | 0.4-0 | 3.00 | 52.00 | 55.00 | OK |
Version: 0.4-0
Check: CRAN incoming feasibility
Result: NOTE
Maintainer: ‘Hideo Aizaki <azk-r@spa.nifty.com>’
No Authors@R field in DESCRIPTION.
Please add one, modifying
Authors@R: person(given = "Hideo",
family = "Aizaki",
role = c("aut", "cre"),
email = "azk-r@spa.nifty.com")
as necessary.
Package CITATION file contains call(s) to old-style citEntry(). Please
use bibentry() instead.
Flavors: r-devel-linux-x86_64-debian-clang, r-devel-linux-x86_64-debian-gcc