CRAN Package Check Results for Package strip

Last updated on 2025-07-21 17:50:30 CEST.

Flavor Version Tinstall Tcheck Ttotal Status Flags
r-devel-linux-x86_64-debian-clang 1.0.0 2.07 34.75 36.82 OK
r-devel-linux-x86_64-debian-gcc 1.0.0 1.81 27.49 29.30 OK
r-devel-linux-x86_64-fedora-clang 1.0.0 53.70 OK
r-devel-linux-x86_64-fedora-gcc 1.0.0 50.75 OK
r-devel-windows-x86_64 1.0.0 3.00 51.00 54.00 OK
r-patched-linux-x86_64 1.0.0 2.15 31.27 33.42 OK
r-release-linux-x86_64 1.0.0 2.02 31.23 33.25 OK
r-release-macos-arm64 1.0.0 22.00 OK
r-release-macos-x86_64 1.0.0 37.00 OK
r-release-windows-x86_64 1.0.0 5.00 54.00 59.00 OK
r-oldrel-macos-arm64 1.0.0 22.00 NOTE
r-oldrel-macos-x86_64 1.0.0 31.00 NOTE
r-oldrel-windows-x86_64 1.0.0 4.00 60.00 64.00 NOTE

Check Details

Version: 1.0.0
Check: LazyData
Result: NOTE 'LazyData' is specified without a 'data' directory Flavors: r-oldrel-macos-arm64, r-oldrel-macos-x86_64, r-oldrel-windows-x86_64