Last updated on 2025-05-28 13:48:39 CEST.
Flavor | Version | Tinstall | Tcheck | Ttotal | Status | Flags |
---|---|---|---|---|---|---|
r-devel-linux-x86_64-debian-clang | 1.1.7 | 103.65 | 50.77 | 154.42 | OK | |
r-devel-linux-x86_64-debian-gcc | 1.1.7 | 79.08 | 38.41 | 117.49 | OK | |
r-devel-linux-x86_64-fedora-clang | 1.1.7 | 250.22 | OK | |||
r-devel-linux-x86_64-fedora-gcc | 1.1.7 | 244.97 | OK | |||
r-devel-windows-x86_64 | 1.1.7 | 102.00 | 94.00 | 196.00 | OK | |
r-patched-linux-x86_64 | 1.1.7 | 102.92 | 48.85 | 151.77 | OK | |
r-release-linux-x86_64 | 1.1.7 | 105.98 | 48.51 | 154.49 | OK | |
r-release-macos-arm64 | 1.1.7 | 69.00 | OK | |||
r-release-macos-x86_64 | 1.1.7 | 182.00 | OK | |||
r-release-windows-x86_64 | 1.1.7 | 98.00 | 88.00 | 186.00 | OK | |
r-oldrel-macos-arm64 | 1.1.7 | 94.00 | NOTE | |||
r-oldrel-macos-x86_64 | 1.1.7 | 196.00 | NOTE | |||
r-oldrel-windows-x86_64 | 1.1.7 | 115.00 | 109.00 | 224.00 | OK |
Version: 1.1.7
Check: installed package size
Result: NOTE
installed size is 10.2Mb
sub-directories of 1Mb or more:
libs 8.9Mb
Flavors: r-oldrel-macos-arm64, r-oldrel-macos-x86_64