Last updated on 2025-05-25 13:49:57 CEST.
Flavor | Version | Tinstall | Tcheck | Ttotal | Status | Flags |
---|---|---|---|---|---|---|
r-devel-linux-x86_64-debian-clang | 3.2.7 | 14.21 | 171.04 | 185.25 | NOTE | |
r-devel-linux-x86_64-debian-gcc | 3.2.7 | 10.49 | 109.49 | 119.98 | NOTE | |
r-devel-linux-x86_64-fedora-clang | 3.2.7 | 303.06 | OK | |||
r-devel-linux-x86_64-fedora-gcc | 3.2.7 | 296.15 | OK | |||
r-devel-windows-x86_64 | 3.2.7 | 22.00 | 183.00 | 205.00 | OK | |
r-patched-linux-x86_64 | 3.2.7 | 16.15 | 162.98 | 179.13 | OK | |
r-release-linux-x86_64 | 3.2.7 | 13.75 | 161.24 | 174.99 | OK | |
r-release-macos-arm64 | 3.2.7 | 66.00 | OK | |||
r-release-macos-x86_64 | 3.2.7 | 151.00 | OK | |||
r-release-windows-x86_64 | 3.2.7 | 20.00 | 184.00 | 204.00 | OK | |
r-oldrel-macos-arm64 | 3.2.7 | 80.00 | OK | |||
r-oldrel-macos-x86_64 | 3.2.7 | 152.00 | OK | |||
r-oldrel-windows-x86_64 | 3.2.7 | 23.00 | 242.00 | 265.00 | OK |
Version: 3.2.7
Check: CRAN incoming feasibility
Result: NOTE
Maintainer: ‘Wai-ki Yip <yuser86@yahoo.com>’
No Authors@R field in DESCRIPTION.
Please add one, modifying
Authors@R: c(person(given = "Wai-ki",
family = "Yip",
role = c("aut", "cre"),
email = "yuser86@yahoo.com"),
person(given = "Ann",
family = "Lazar",
role = "ctb"),
person(given = "David",
family = "Zahrieh",
role = "ctb"),
person(given = "Chip",
family = "Cole",
role = "ctb"),
person(given = "Ann",
family = "Lazar",
role = "ctb"),
person(given = "Marco",
family = "Bonetti",
role = "ctb"),
person(given = "Victoria",
family = "Wang",
role = "ctb"),
person(given = "William",
family = "Barcella",
role = "ctb"),
person(given = "Sergio",
family = "Venturini",
role = "ctb"))
as necessary.
Flavors: r-devel-linux-x86_64-debian-clang, r-devel-linux-x86_64-debian-gcc