Last updated on 2025-07-16 04:50:26 CEST.
Flavor | Version | Tinstall | Tcheck | Ttotal | Status | Flags |
---|---|---|---|---|---|---|
r-devel-linux-x86_64-debian-clang | 1.0.15 | 10.47 | 204.55 | 215.02 | OK | |
r-devel-linux-x86_64-debian-gcc | 1.0.15 | 7.88 | 138.65 | 146.53 | OK | |
r-devel-linux-x86_64-fedora-clang | 1.0.15 | 328.78 | NOTE | |||
r-devel-linux-x86_64-fedora-gcc | 1.0.15 | 357.11 | NOTE | |||
r-devel-windows-x86_64 | 1.0.15 | 13.00 | 184.00 | 197.00 | OK | |
r-patched-linux-x86_64 | 1.0.15 | 11.08 | 195.30 | 206.38 | OK | |
r-release-linux-x86_64 | 1.0.15 | 9.89 | 195.75 | 205.64 | OK | |
r-release-macos-arm64 | 1.0.15 | 88.00 | OK | |||
r-release-macos-x86_64 | 1.0.15 | 196.00 | OK | |||
r-release-windows-x86_64 | 1.0.15 | 12.00 | 199.00 | 211.00 | OK | |
r-oldrel-macos-arm64 | 1.0.15 | 102.00 | NOTE | |||
r-oldrel-macos-x86_64 | 1.0.15 | 197.00 | NOTE | |||
r-oldrel-windows-x86_64 | 1.0.15 | 16.00 | 253.00 | 269.00 | NOTE |
Version: 1.0.15
Check: dependencies in R code
Result: NOTE
Namespace in Imports field not imported from: ‘mapproj’
All declared Imports should be used.
Flavors: r-devel-linux-x86_64-fedora-clang, r-devel-linux-x86_64-fedora-gcc
Version: 1.0.15
Check: package dependencies
Result: NOTE
Package suggested but not available for checking: ‘asreml’
Flavors: r-oldrel-macos-arm64, r-oldrel-macos-x86_64, r-oldrel-windows-x86_64