Last updated on 2025-05-29 04:50:34 CEST.
Flavor | Version | Tinstall | Tcheck | Ttotal | Status | Flags |
---|---|---|---|---|---|---|
r-devel-linux-x86_64-debian-clang | 0.1.2 | 10.20 | 62.93 | 73.13 | NOTE | |
r-devel-linux-x86_64-debian-gcc | 0.1.2 | 6.46 | 45.48 | 51.94 | NOTE | |
r-devel-linux-x86_64-fedora-clang | 0.1.2 | 113.05 | NOTE | |||
r-devel-linux-x86_64-fedora-gcc | 0.1.2 | 109.17 | NOTE | |||
r-devel-windows-x86_64 | 0.1.2 | 12.00 | 74.00 | 86.00 | NOTE | |
r-patched-linux-x86_64 | 0.1.2 | 9.44 | 56.81 | 66.25 | NOTE | |
r-release-linux-x86_64 | 0.1.2 | 8.25 | 56.09 | 64.34 | NOTE | |
r-release-macos-arm64 | 0.1.2 | 28.00 | NOTE | |||
r-release-macos-x86_64 | 0.1.2 | 52.00 | NOTE | |||
r-release-windows-x86_64 | 0.1.2 | 12.00 | 73.00 | 85.00 | NOTE | |
r-oldrel-macos-arm64 | 0.1.2 | 27.00 | OK | |||
r-oldrel-macos-x86_64 | 0.1.2 | 43.00 | OK | |||
r-oldrel-windows-x86_64 | 0.1.2 | 14.00 | 92.00 | 106.00 | OK |
Version: 0.1.2
Check: DESCRIPTION meta-information
Result: NOTE
Missing dependency on R >= 4.1.0 because package code uses the pipe
|> or function shorthand \(...) syntax added in R 4.1.0.
File(s) using such syntax:
‘stat_frequency.R’
Flavors: r-devel-linux-x86_64-debian-clang, r-devel-linux-x86_64-debian-gcc, r-devel-linux-x86_64-fedora-clang, r-devel-linux-x86_64-fedora-gcc, r-devel-windows-x86_64, r-patched-linux-x86_64, r-release-linux-x86_64, r-release-macos-arm64, r-release-macos-x86_64, r-release-windows-x86_64