CRAN Package Check Results for Package ssimparser

Last updated on 2025-05-26 04:50:22 CEST.

Flavor Version Tinstall Tcheck Ttotal Status Flags
r-devel-linux-x86_64-debian-clang 0.1.1 2.07 24.26 26.33 NOTE
r-devel-linux-x86_64-debian-gcc 0.1.1 1.41 19.71 21.12 NOTE
r-devel-linux-x86_64-fedora-clang 0.1.1 39.35 OK
r-devel-linux-x86_64-fedora-gcc 0.1.1 38.05 OK
r-devel-windows-x86_64 0.1.1 3.00 50.00 53.00 OK
r-patched-linux-x86_64 0.1.1 1.83 22.39 24.22 OK
r-release-linux-x86_64 0.1.1 2.06 22.89 24.95 OK
r-release-macos-arm64 0.1.1 17.00 OK
r-release-macos-x86_64 0.1.1 29.00 OK
r-release-windows-x86_64 0.1.1 5.00 50.00 55.00 OK
r-oldrel-macos-arm64 0.1.1 17.00 OK
r-oldrel-macos-x86_64 0.1.1 27.00 OK
r-oldrel-windows-x86_64 0.1.1 4.00 53.00 57.00 OK

Check Details

Version: 0.1.1
Check: CRAN incoming feasibility
Result: NOTE Maintainer: ‘Sebastien Thonnard <sebastien.thonnard@icloud.com>’ No Authors@R field in DESCRIPTION. Please add one, modifying Authors@R: person(given = "Sebastien", family = "Thonnard", role = c("aut", "cre"), email = "sebastien.thonnard@icloud.com") as necessary. Flavors: r-devel-linux-x86_64-debian-clang, r-devel-linux-x86_64-debian-gcc