Last updated on 2025-05-28 09:53:21 CEST.
Flavor | Version | Tinstall | Tcheck | Ttotal | Status | Flags |
---|---|---|---|---|---|---|
r-devel-linux-x86_64-debian-clang | 0.1.2 | 5.49 | 44.98 | 50.47 | NOTE | |
r-devel-linux-x86_64-debian-gcc | 0.1.2 | 3.40 | 32.52 | 35.92 | NOTE | |
r-devel-linux-x86_64-fedora-clang | 0.1.2 | 78.10 | OK | |||
r-devel-linux-x86_64-fedora-gcc | 0.1.2 | 72.52 | OK | |||
r-devel-windows-x86_64 | 0.1.2 | 8.00 | 60.00 | 68.00 | OK | |
r-patched-linux-x86_64 | 0.1.2 | 5.40 | 41.93 | 47.33 | OK | |
r-release-linux-x86_64 | 0.1.2 | 4.72 | 42.14 | 46.86 | OK | |
r-release-macos-arm64 | 0.1.2 | 24.00 | OK | |||
r-release-macos-x86_64 | 0.1.2 | 41.00 | OK | |||
r-release-windows-x86_64 | 0.1.2 | 7.00 | 64.00 | 71.00 | OK | |
r-oldrel-macos-arm64 | 0.1.2 | 23.00 | NOTE | |||
r-oldrel-macos-x86_64 | 0.1.2 | 45.00 | NOTE | |||
r-oldrel-windows-x86_64 | 0.1.2 | 8.00 | 72.00 | 80.00 | NOTE |
Version: 0.1.2
Check: CRAN incoming feasibility
Result: NOTE
Maintainer: ‘Vincent Guyader <vincent@thinkr.fr>’
No Authors@R field in DESCRIPTION.
Please add one, modifying
Authors@R: person(given = "Vincent",
family = "Guyader",
role = c("aut", "cre"),
email = "vincent@thinkr.fr")
as necessary.
Flavors: r-devel-linux-x86_64-debian-clang, r-devel-linux-x86_64-debian-gcc
Version: 0.1.2
Check: LazyData
Result: NOTE
'LazyData' is specified without a 'data' directory
Flavors: r-oldrel-macos-arm64, r-oldrel-macos-x86_64, r-oldrel-windows-x86_64