Last updated on 2025-05-28 09:53:21 CEST.
Flavor | Version | Tinstall | Tcheck | Ttotal | Status | Flags |
---|---|---|---|---|---|---|
r-devel-linux-x86_64-debian-clang | 3.4-3 | 45.08 | 358.37 | 403.45 | OK | |
r-devel-linux-x86_64-debian-gcc | 3.4-3 | 36.62 | 237.76 | 274.38 | OK | |
r-devel-linux-x86_64-fedora-clang | 3.4-3 | 671.51 | OK | |||
r-devel-linux-x86_64-fedora-gcc | 3.4-3 | 605.56 | OK | |||
r-devel-windows-x86_64 | 3.4-3 | 66.00 | 438.00 | 504.00 | OK | |
r-patched-linux-x86_64 | 3.4-2 | 66.37 | 337.15 | 403.52 | OK | |
r-release-linux-x86_64 | 3.4-3 | 49.64 | 345.78 | 395.42 | OK | |
r-release-macos-arm64 | 3.4-3 | 159.00 | OK | |||
r-release-macos-x86_64 | 3.4-3 | 349.00 | OK | |||
r-release-windows-x86_64 | 3.4-3 | 65.00 | 430.00 | 495.00 | OK | |
r-oldrel-macos-arm64 | 3.4-3 | 169.00 | OK | |||
r-oldrel-macos-x86_64 | 3.4-3 | 340.00 | NOTE | |||
r-oldrel-windows-x86_64 | 3.4-3 | 51.00 | 501.00 | 552.00 | OK |
Version: 3.4-3
Check: installed package size
Result: NOTE
installed size is 5.0Mb
sub-directories of 1Mb or more:
R 2.0Mb
help 2.2Mb
Flavor: r-oldrel-macos-x86_64