Last updated on 2025-05-29 04:50:34 CEST.
Flavor | Version | Tinstall | Tcheck | Ttotal | Status | Flags |
---|---|---|---|---|---|---|
r-devel-linux-x86_64-debian-clang | 1.2.4 | 9.61 | 56.88 | 66.49 | NOTE | |
r-devel-linux-x86_64-debian-gcc | 1.2.4 | 7.22 | 42.96 | 50.18 | NOTE | |
r-devel-linux-x86_64-fedora-clang | 1.2.4 | 108.73 | OK | |||
r-devel-linux-x86_64-fedora-gcc | 1.2.4 | 124.40 | OK | |||
r-devel-windows-x86_64 | 1.2.4 | 11.00 | 154.00 | 165.00 | NOTE | |
r-patched-linux-x86_64 | 1.2.4 | 9.42 | 55.13 | 64.55 | NOTE | |
r-release-linux-x86_64 | 1.2.4 | 9.32 | 54.73 | 64.05 | NOTE | |
r-release-macos-arm64 | 1.2.4 | 40.00 | OK | |||
r-release-macos-x86_64 | 1.2.4 | 77.00 | OK | |||
r-release-windows-x86_64 | 1.2.4 | 12.00 | 76.00 | 88.00 | NOTE | |
r-oldrel-macos-arm64 | 1.2.4 | 42.00 | OK | |||
r-oldrel-macos-x86_64 | 1.2.4 | 69.00 | OK | |||
r-oldrel-windows-x86_64 | 1.2.4 | 15.00 | 91.00 | 106.00 | OK |
Version: 1.2.4
Check: Rd cross-references
Result: NOTE
Found the following Rd file(s) with Rd \link{} targets missing package
anchors:
somsp.Rd: kohonen
somspa.Rd: kohonen, som
Please provide package anchors for all Rd \link{} targets not in the
package itself and the base packages.
Flavors: r-devel-linux-x86_64-debian-clang, r-devel-linux-x86_64-debian-gcc, r-devel-windows-x86_64, r-patched-linux-x86_64, r-release-linux-x86_64, r-release-windows-x86_64