CRAN Package Check Results for Package smpic

Last updated on 2025-05-28 17:57:38 CEST.

Flavor Version Tinstall Tcheck Ttotal Status Flags
r-devel-linux-x86_64-debian-clang 0.1.0 1.84 34.48 36.32 NOTE
r-devel-linux-x86_64-debian-gcc 0.1.0 1.37 26.31 27.68 NOTE
r-devel-linux-x86_64-fedora-clang 0.1.0 59.17 NOTE
r-devel-linux-x86_64-fedora-gcc 0.1.0 71.57 NOTE
r-devel-windows-x86_64 0.1.0 4.00 57.00 61.00 OK
r-patched-linux-x86_64 0.1.0 1.76 33.68 35.44 NOTE
r-release-linux-x86_64 0.1.0 1.63 34.30 35.93 NOTE
r-release-macos-arm64 0.1.0 29.00 OK
r-release-macos-x86_64 0.1.0 50.00 OK
r-release-windows-x86_64 0.1.0 4.00 55.00 59.00 OK
r-oldrel-macos-arm64 0.1.0 28.00 OK
r-oldrel-macos-x86_64 0.1.0 43.00 OK
r-oldrel-windows-x86_64 0.1.0 4.00 66.00 70.00 OK

Check Details

Version: 0.1.0
Check: CRAN incoming feasibility
Result: NOTE Maintainer: ‘Mikkel Freltoft Krogsholm <mikkel@56n.dk>’ No Authors@R field in DESCRIPTION. Please add one, modifying Authors@R: person(given = c("Mikkel", "Freltoft"), family = "Krogsholm", role = c("aut", "cre"), email = "mikkel@56n.dk") as necessary. Flavors: r-devel-linux-x86_64-debian-clang, r-devel-linux-x86_64-debian-gcc

Version: 0.1.0
Check: for non-standard things in the check directory
Result: NOTE Found the following files/directories: ‘my_new_social_media_plot.png’ Flavors: r-devel-linux-x86_64-debian-clang, r-devel-linux-x86_64-debian-gcc, r-devel-linux-x86_64-fedora-clang, r-devel-linux-x86_64-fedora-gcc, r-patched-linux-x86_64, r-release-linux-x86_64