Last updated on 2025-05-28 09:53:20 CEST.
Flavor | Version | Tinstall | Tcheck | Ttotal | Status | Flags |
---|---|---|---|---|---|---|
r-devel-linux-x86_64-debian-clang | 1.6 | 4.62 | 57.14 | 61.76 | NOTE | |
r-devel-linux-x86_64-debian-gcc | 1.6 | 4.65 | 42.21 | 46.86 | NOTE | |
r-devel-linux-x86_64-fedora-clang | 1.6 | 100.11 | OK | |||
r-devel-linux-x86_64-fedora-gcc | 1.6 | 97.41 | OK | |||
r-devel-windows-x86_64 | 1.6 | 7.00 | 76.00 | 83.00 | OK | |
r-patched-linux-x86_64 | 1.6 | 6.05 | 55.94 | 61.99 | OK | |
r-release-linux-x86_64 | 1.6 | 5.81 | 55.76 | 61.57 | OK | |
r-release-macos-arm64 | 1.6 | 35.00 | OK | |||
r-release-macos-x86_64 | 1.6 | 67.00 | OK | |||
r-release-windows-x86_64 | 1.6 | 7.00 | 84.00 | 91.00 | OK | |
r-oldrel-macos-arm64 | 1.6 | 36.00 | OK | |||
r-oldrel-macos-x86_64 | 1.6 | 49.00 | OK | |||
r-oldrel-windows-x86_64 | 1.6 | 10.00 | 89.00 | 99.00 | OK |
Version: 1.6
Check: CRAN incoming feasibility
Result: NOTE
Maintainer: ‘Georg Hahn <ghahn@hsph.harvard.edu>’
No Authors@R field in DESCRIPTION.
Please add one, modifying
Authors@R: c(person(given = "Georg",
family = "Hahn",
role = c("aut", "cre"),
email = "ghahn@hsph.harvard.edu"),
person(given = c("Sharon", "M."),
family = "Lutz",
role = "ctb"),
person(given = "Nilanjana",
family = "Laha",
role = "ctb"),
person(given = "Christoph",
family = "Lange",
role = "ctb"))
as necessary.
Flavors: r-devel-linux-x86_64-debian-clang, r-devel-linux-x86_64-debian-gcc