Last updated on 2025-05-28 04:52:30 CEST.
Flavor | Version | Tinstall | Tcheck | Ttotal | Status | Flags |
---|---|---|---|---|---|---|
r-devel-linux-x86_64-debian-clang | 1.1.5 | 16.19 | 114.20 | 130.39 | NOTE | |
r-devel-linux-x86_64-debian-gcc | 1.1.5 | 10.31 | 85.15 | 95.46 | NOTE | |
r-devel-linux-x86_64-fedora-clang | 1.1.5 | 214.71 | OK | |||
r-devel-linux-x86_64-fedora-gcc | 1.1.5 | 220.28 | OK | |||
r-devel-windows-x86_64 | 1.1.5 | 18.00 | 117.00 | 135.00 | OK | |
r-patched-linux-x86_64 | 1.1.5 | 14.63 | 107.55 | 122.18 | OK | |
r-release-linux-x86_64 | 1.1.5 | 15.03 | 106.90 | 121.93 | OK | |
r-release-macos-arm64 | 1.1.5 | 55.00 | OK | |||
r-release-macos-x86_64 | 1.1.5 | 119.00 | OK | |||
r-release-windows-x86_64 | 1.1.5 | 18.00 | 123.00 | 141.00 | OK | |
r-oldrel-macos-arm64 | 1.1.5 | 42.00 | OK | |||
r-oldrel-macos-x86_64 | 1.1.5 | 66.00 | OK | |||
r-oldrel-windows-x86_64 | 1.1.5 | 23.00 | 149.00 | 172.00 | OK |
Version: 1.1.5
Check: CRAN incoming feasibility
Result: NOTE
Maintainer: ‘Paul Walter <paul.w@gmx.net>’
No Authors@R field in DESCRIPTION.
Please add one, modifying
Authors@R: person(given = "Paul",
family = "Walter",
role = c("aut", "cre"),
email = "paul.w@gmx.net")
as necessary.
Flavors: r-devel-linux-x86_64-debian-clang, r-devel-linux-x86_64-debian-gcc