Last updated on 2025-05-25 09:49:56 CEST.
Flavor | Version | Tinstall | Tcheck | Ttotal | Status | Flags |
---|---|---|---|---|---|---|
r-devel-linux-x86_64-debian-clang | 0.9 | 14.04 | 124.48 | 138.52 | NOTE | |
r-devel-linux-x86_64-debian-gcc | 0.9 | 11.10 | 92.34 | 103.44 | NOTE | |
r-devel-linux-x86_64-fedora-clang | 0.9 | 230.66 | OK | |||
r-devel-linux-x86_64-fedora-gcc | 0.9 | 220.09 | OK | |||
r-devel-windows-x86_64 | 0.9 | 14.00 | 236.00 | 250.00 | OK | |
r-patched-linux-x86_64 | 0.9 | 13.94 | 118.12 | 132.06 | OK | |
r-release-linux-x86_64 | 0.9 | 13.59 | 117.72 | 131.31 | OK | |
r-release-macos-arm64 | 0.9 | 145.00 | OK | |||
r-release-macos-x86_64 | 0.9 | 176.00 | OK | |||
r-release-windows-x86_64 | 0.9 | 13.00 | 114.00 | 127.00 | OK | |
r-oldrel-macos-arm64 | 0.9 | 96.00 | OK | |||
r-oldrel-macos-x86_64 | 0.9 | 100.00 | OK | |||
r-oldrel-windows-x86_64 | 0.9 | 15.00 | 142.00 | 157.00 | OK |
Version: 0.9
Check: CRAN incoming feasibility
Result: NOTE
Maintainer: ‘Herman Jopia <hjopia@gmail.com>’
No Authors@R field in DESCRIPTION.
Please add one, modifying
Authors@R: person(given = "Herman",
family = "Jopia",
role = c("aut", "cre"),
email = "hjopia@gmail.com")
as necessary.
Flavors: r-devel-linux-x86_64-debian-clang, r-devel-linux-x86_64-debian-gcc