Last updated on 2025-07-13 17:48:43 CEST.
Flavor | Version | Tinstall | Tcheck | Ttotal | Status | Flags |
---|---|---|---|---|---|---|
r-devel-linux-x86_64-debian-clang | 0.2.0 | 25.60 | 229.79 | 255.39 | NOTE | |
r-devel-linux-x86_64-debian-gcc | 0.2.0 | 17.76 | 142.15 | 159.91 | NOTE | |
r-devel-linux-x86_64-fedora-clang | 0.2.0 | 416.00 | OK | |||
r-devel-linux-x86_64-fedora-gcc | 0.2.0 | 397.85 | OK | |||
r-devel-windows-x86_64 | 0.2.0 | 25.00 | 171.00 | 196.00 | NOTE | |
r-patched-linux-x86_64 | 0.2.0 | 25.56 | 212.39 | 237.95 | NOTE | |
r-release-linux-x86_64 | 0.2.0 | 24.71 | 210.15 | 234.86 | NOTE | |
r-release-macos-arm64 | 0.2.0 | 81.00 | OK | |||
r-release-macos-x86_64 | 0.2.0 | 184.00 | OK | |||
r-release-windows-x86_64 | 0.2.0 | 24.00 | 179.00 | 203.00 | NOTE | |
r-oldrel-macos-arm64 | 0.2.0 | 79.00 | OK | |||
r-oldrel-macos-x86_64 | 0.2.0 | 135.00 | OK | |||
r-oldrel-windows-x86_64 | 0.2.0 | 34.00 | 234.00 | 268.00 | OK |
Version: 0.2.0
Check: Rd cross-references
Result: NOTE
Found the following Rd file(s) with Rd \link{} targets missing package
anchors:
slideView.Rd: levelplot
Please provide package anchors for all Rd \link{} targets not in the
package itself and the base packages.
Flavors: r-devel-linux-x86_64-debian-clang, r-devel-linux-x86_64-debian-gcc, r-devel-windows-x86_64, r-patched-linux-x86_64, r-release-linux-x86_64, r-release-windows-x86_64