Last updated on 2025-05-28 13:48:38 CEST.
Flavor | Version | Tinstall | Tcheck | Ttotal | Status | Flags |
---|---|---|---|---|---|---|
r-devel-linux-x86_64-debian-clang | 0.0.4 | 3.90 | 68.57 | 72.47 | OK | |
r-devel-linux-x86_64-debian-gcc | 0.0.4 | 2.96 | 47.43 | 50.39 | OK | |
r-devel-linux-x86_64-fedora-clang | 0.0.4 | 112.70 | OK | |||
r-devel-linux-x86_64-fedora-gcc | 0.0.4 | 118.97 | OK | |||
r-devel-windows-x86_64 | 0.0.4 | 8.00 | 92.00 | 100.00 | OK | |
r-patched-linux-x86_64 | 0.0.4 | 4.07 | 63.87 | 67.94 | OK | |
r-release-linux-x86_64 | 0.0.4 | 3.72 | 64.75 | 68.47 | OK | |
r-release-macos-arm64 | 0.0.4 | 69.00 | OK | |||
r-release-macos-x86_64 | 0.0.4 | 74.00 | OK | |||
r-release-windows-x86_64 | 0.0.4 | 6.00 | 70.00 | 76.00 | FAIL | |
r-oldrel-macos-arm64 | 0.0.4 | 43.00 | OK | |||
r-oldrel-macos-x86_64 | 0.0.4 | 83.00 | OK | |||
r-oldrel-windows-x86_64 | 0.0.4 | 6.00 | 113.00 | 119.00 | OK |
Version: 0.0.4
Check: re-building of vignette outputs
Result: FAIL
Flavor: r-release-windows-x86_64