CRAN Package Check Results for Package showtext

Last updated on 2025-05-28 17:57:37 CEST.

Flavor Version Tinstall Tcheck Ttotal Status Flags
r-devel-linux-x86_64-debian-clang 0.9-7 5.73 32.97 38.70 NOTE
r-devel-linux-x86_64-debian-gcc 0.9-7 4.97 25.72 30.69 NOTE
r-devel-linux-x86_64-fedora-clang 0.9-7 61.80 OK
r-devel-linux-x86_64-fedora-gcc 0.9-7 71.29 OK
r-devel-windows-x86_64 0.9-7 23.00 56.00 79.00 OK
r-patched-linux-x86_64 0.9-7 5.47 30.78 36.25 OK
r-release-linux-x86_64 0.9-7 5.12 30.93 36.05 OK
r-release-macos-arm64 0.9-7 47.00 OK
r-release-macos-x86_64 0.9-7 73.00 OK
r-release-windows-x86_64 0.9-7 23.00 55.00 78.00 OK
r-oldrel-macos-arm64 0.9-7 39.00 OK
r-oldrel-macos-x86_64 0.9-7 55.00 OK
r-oldrel-windows-x86_64 0.9-7 24.00 67.00 91.00 OK

Check Details

Version: 0.9-7
Check: CRAN incoming feasibility
Result: NOTE Maintainer: ‘Yixuan Qiu <yixuan.qiu@cos.name>’ No Authors@R field in DESCRIPTION. Please add one, modifying Authors@R: c(person(given = "Yixuan", family = "Qiu", role = c("aut", "cre"), email = "yixuan.qiu@cos.name"), person(given = c("authors/contributors", "of", "the", "included", "software.", "See", "file", "AUTHORS", "for"), family = "details.", role = "aut")) as necessary. Flavors: r-devel-linux-x86_64-debian-clang, r-devel-linux-x86_64-debian-gcc