Last updated on 2025-05-24 04:49:26 CEST.
Flavor | Version | Tinstall | Tcheck | Ttotal | Status | Flags |
---|---|---|---|---|---|---|
r-devel-linux-x86_64-debian-clang | 0.2.0 | 6.63 | 62.00 | 68.63 | OK | |
r-devel-linux-x86_64-debian-gcc | 0.2.0 | 4.99 | 45.69 | 50.68 | OK | |
r-devel-linux-x86_64-fedora-clang | 0.2.0 | 105.93 | NOTE | |||
r-devel-linux-x86_64-fedora-gcc | 0.2.0 | 119.19 | NOTE | |||
r-devel-windows-x86_64 | 0.2.0 | 13.00 | 84.00 | 97.00 | OK | |
r-patched-linux-x86_64 | 0.2.0 | 6.29 | 57.20 | 63.49 | OK | |
r-release-linux-x86_64 | 0.2.0 | 5.88 | 57.48 | 63.36 | OK | |
r-release-macos-arm64 | 0.2.0 | 46.00 | OK | |||
r-release-macos-x86_64 | 0.2.0 | 69.00 | OK | |||
r-release-windows-x86_64 | 0.2.0 | 13.00 | 124.00 | 137.00 | OK | |
r-oldrel-macos-arm64 | 0.2.0 | 39.00 | NOTE | |||
r-oldrel-macos-x86_64 | 0.2.0 | 58.00 | NOTE | |||
r-oldrel-windows-x86_64 | 0.2.0 | 13.00 | 95.00 | 108.00 | NOTE |
Version: 0.2.0
Check: dependencies in R code
Result: NOTE
Namespace in Imports field not imported from: ‘purrr’
All declared Imports should be used.
Flavors: r-devel-linux-x86_64-fedora-clang, r-devel-linux-x86_64-fedora-gcc
Version: 0.2.0
Check: LazyData
Result: NOTE
'LazyData' is specified without a 'data' directory
Flavors: r-oldrel-macos-arm64, r-oldrel-macos-x86_64, r-oldrel-windows-x86_64