CRAN Package Check Results for Package shinyhelper

Last updated on 2025-05-24 23:50:26 CEST.

Flavor Version Tinstall Tcheck Ttotal Status Flags
r-devel-linux-x86_64-debian-clang 0.3.2 1.85 18.21 20.06 OK
r-devel-linux-x86_64-debian-gcc 0.3.2 1.32 15.17 16.49 OK
r-devel-linux-x86_64-fedora-clang 0.3.2 31.07 NOTE
r-devel-linux-x86_64-fedora-gcc 0.3.2 30.37 NOTE
r-devel-windows-x86_64 0.3.2 3.00 70.00 73.00 OK
r-patched-linux-x86_64 0.3.2 1.53 17.59 19.12 OK
r-release-linux-x86_64 0.3.2 1.77 17.41 19.18 OK
r-release-macos-arm64 0.3.2 21.00 OK
r-release-macos-x86_64 0.3.2 25.00 OK
r-release-windows-x86_64 0.3.2 4.00 43.00 47.00 OK
r-oldrel-macos-arm64 0.3.2 16.00 OK
r-oldrel-macos-x86_64 0.3.2 21.00 OK
r-oldrel-windows-x86_64 0.3.2 3.00 41.00 44.00 OK

Check Details

Version: 0.3.2
Check: dependencies in R code
Result: NOTE Namespace in Imports field not imported from: ‘markdown’ All declared Imports should be used. Flavors: r-devel-linux-x86_64-fedora-clang, r-devel-linux-x86_64-fedora-gcc