Last updated on 2025-05-24 13:49:39 CEST.
Flavor | Version | Tinstall | Tcheck | Ttotal | Status | Flags |
---|---|---|---|---|---|---|
r-devel-linux-x86_64-debian-clang | 1.2.0 | 4.69 | 36.50 | 41.19 | OK | |
r-devel-linux-x86_64-debian-gcc | 1.2.0 | 3.01 | 28.11 | 31.12 | OK | |
r-devel-linux-x86_64-fedora-clang | 1.2.0 | 64.97 | OK | |||
r-devel-linux-x86_64-fedora-gcc | 1.2.0 | 63.28 | OK | |||
r-devel-windows-x86_64 | 1.2.0 | 9.00 | 86.00 | 95.00 | OK | |
r-patched-linux-x86_64 | 1.2.0 | 4.96 | 35.01 | 39.97 | OK | |
r-release-linux-x86_64 | 1.2.0 | 5.00 | 34.98 | 39.98 | OK | |
r-release-macos-arm64 | 1.2.0 | 26.00 | OK | |||
r-release-macos-x86_64 | 1.2.0 | 39.00 | OK | |||
r-release-windows-x86_64 | 1.2.0 | 9.00 | 56.00 | 65.00 | OK | |
r-oldrel-macos-arm64 | 1.2.0 | 24.00 | NOTE | |||
r-oldrel-macos-x86_64 | 1.2.0 | 34.00 | NOTE | |||
r-oldrel-windows-x86_64 | 1.2.0 | 9.00 | 68.00 | 77.00 | NOTE |
Version: 1.2.0
Check: installed package size
Result: NOTE
installed size is 7.7Mb
sub-directories of 1Mb or more:
www 7.6Mb
Flavors: r-oldrel-macos-arm64, r-oldrel-macos-x86_64, r-oldrel-windows-x86_64