CRAN Package Check Results for Package sfinx

Last updated on 2025-05-28 17:57:37 CEST.

Flavor Version Tinstall Tcheck Ttotal Status Flags
r-devel-linux-x86_64-debian-clang 1.7.99 1.91 25.56 27.47 NOTE
r-devel-linux-x86_64-debian-gcc 1.7.99 1.44 20.72 22.16 NOTE
r-devel-linux-x86_64-fedora-clang 1.7.99 43.25 OK
r-devel-linux-x86_64-fedora-gcc 1.7.99 55.16 OK
r-devel-windows-x86_64 1.7.99 4.00 47.00 51.00 OK
r-patched-linux-x86_64 1.7.99 2.06 23.28 25.34 OK
r-release-linux-x86_64 1.7.99 1.90 23.57 25.47 OK
r-release-macos-arm64 1.7.99 29.00 OK
r-release-macos-x86_64 1.7.99 47.00 OK
r-release-windows-x86_64 1.7.99 4.00 47.00 51.00 OK
r-oldrel-macos-arm64 1.7.99 24.00 OK
r-oldrel-macos-x86_64 1.7.99 51.00 OK
r-oldrel-windows-x86_64 1.7.99 3.00 54.00 57.00 OK

Check Details

Version: 1.7.99
Check: CRAN incoming feasibility
Result: NOTE Maintainer: ‘Kevin Titeca <sfinxinteractomics@gmail.com>’ Package CITATION file contains call(s) to old-style personList() or as.personList(). Please use c() on person objects instead. Package CITATION file contains call(s) to old-style citEntry(). Please use bibentry() instead. Flavors: r-devel-linux-x86_64-debian-clang, r-devel-linux-x86_64-debian-gcc