CRAN Package Check Results for Package sfclust

Last updated on 2025-05-25 04:50:32 CEST.

Flavor Version Tinstall Tcheck Ttotal Status Flags
r-devel-linux-x86_64-debian-clang 1.0.1 12.63 180.13 192.76 OK
r-devel-linux-x86_64-debian-gcc 1.0.1 8.63 129.65 138.28 OK
r-devel-linux-x86_64-fedora-clang 1.0.1 290.69 OK
r-devel-linux-x86_64-fedora-gcc 1.0.1 280.26 OK
r-devel-windows-x86_64 1.0.1 13.00 166.00 179.00 OK
r-patched-linux-x86_64 1.0.1 11.48 166.29 177.77 OK
r-release-linux-x86_64 1.0.1 11.90 168.26 180.16 OK
r-release-macos-arm64 1.0.1 93.00 OK
r-release-macos-x86_64 1.0.1 237.00 OK
r-release-windows-x86_64 1.0.1 13.00 165.00 178.00 OK
r-oldrel-macos-arm64 1.0.1 84.00 NOTE
r-oldrel-macos-x86_64 1.0.1 195.00 NOTE
r-oldrel-windows-x86_64 1.0.1 16.00 244.00 260.00 OK

Check Details

Version: 1.0.1
Check: package dependencies
Result: NOTE Package suggested but not available for checking: ‘INLA’ Flavors: r-oldrel-macos-arm64, r-oldrel-macos-x86_64