Last updated on 2025-05-24 23:50:25 CEST.
Flavor | Version | Tinstall | Tcheck | Ttotal | Status | Flags |
---|---|---|---|---|---|---|
r-devel-linux-x86_64-debian-clang | 1.1.6 | 23.92 | 167.69 | 191.61 | NOTE | |
r-devel-linux-x86_64-debian-gcc | 1.1.6 | 18.24 | 114.04 | 132.28 | NOTE | |
r-devel-linux-x86_64-fedora-clang | 1.1.6 | 328.30 | OK | |||
r-devel-linux-x86_64-fedora-gcc | 1.1.6 | 281.87 | OK | |||
r-devel-windows-x86_64 | 1.1.6 | 24.00 | 198.00 | 222.00 | NOTE | |
r-patched-linux-x86_64 | 1.1.6 | 20.57 | 156.34 | 176.91 | NOTE | |
r-release-linux-x86_64 | 1.1.6 | 22.93 | 155.74 | 178.67 | NOTE | |
r-release-macos-arm64 | 1.1.6 | 81.00 | OK | |||
r-release-macos-x86_64 | 1.1.6 | 227.00 | OK | |||
r-release-windows-x86_64 | 1.1.6 | 22.00 | 156.00 | 178.00 | NOTE | |
r-oldrel-macos-arm64 | 1.1.6 | 82.00 | OK | |||
r-oldrel-macos-x86_64 | 1.1.6 | 126.00 | OK | |||
r-oldrel-windows-x86_64 | 1.1.6 | 33.00 | 209.00 | 242.00 | OK |
Version: 1.1.6
Check: Rd cross-references
Result: NOTE
Found the following Rd file(s) with Rd \link{} targets missing package
anchors:
semPaths.Rd: qgraph.layout.fruchtermanreingold
Please provide package anchors for all Rd \link{} targets not in the
package itself and the base packages.
Flavors: r-devel-linux-x86_64-debian-clang, r-devel-linux-x86_64-debian-gcc, r-devel-windows-x86_64, r-patched-linux-x86_64, r-release-linux-x86_64, r-release-windows-x86_64