Last updated on 2025-05-28 04:52:29 CEST.
Flavor | Version | Tinstall | Tcheck | Ttotal | Status | Flags |
---|---|---|---|---|---|---|
r-devel-linux-x86_64-debian-clang | 1.4.2 | 71.43 | 653.87 | 725.30 | OK | |
r-devel-linux-x86_64-debian-gcc | 1.4.2 | 55.74 | 300.04 | 355.78 | OK | |
r-devel-linux-x86_64-fedora-clang | 1.4.2 | 866.09 | OK | |||
r-devel-linux-x86_64-fedora-gcc | 1.4.2 | 878.94 | OK | |||
r-devel-windows-x86_64 | 1.4.2 | 87.00 | 563.00 | 650.00 | OK | |
r-patched-linux-x86_64 | 1.4.2 | 75.49 | 450.63 | 526.12 | OK | |
r-release-linux-x86_64 | 1.4.2 | 74.73 | 445.93 | 520.66 | OK | |
r-release-macos-arm64 | 1.4.2 | 257.00 | OK | |||
r-release-macos-x86_64 | 1.4.2 | 613.00 | OK | |||
r-release-windows-x86_64 | 1.4.2 | 86.00 | 572.00 | 658.00 | OK | |
r-oldrel-macos-arm64 | 1.4.2 | 273.00 | NOTE | |||
r-oldrel-macos-x86_64 | 1.4.2 | 498.00 | NOTE | |||
r-oldrel-windows-x86_64 | 1.4.2 | 100.00 | 862.00 | 962.00 | OK |
Version: 1.4.2
Check: installed package size
Result: NOTE
installed size is 11.0Mb
sub-directories of 1Mb or more:
data 2.9Mb
libs 7.9Mb
Flavors: r-oldrel-macos-arm64, r-oldrel-macos-x86_64