Last updated on 2025-05-25 09:49:55 CEST.
Flavor | Version | Tinstall | Tcheck | Ttotal | Status | Flags |
---|---|---|---|---|---|---|
r-devel-linux-x86_64-debian-clang | 1.2.0 | 35.82 | 116.49 | 152.31 | OK | |
r-devel-linux-x86_64-debian-gcc | 1.2.0 | 25.72 | 78.93 | 104.65 | OK | |
r-devel-linux-x86_64-fedora-clang | 1.2.0 | 248.80 | NOTE | |||
r-devel-linux-x86_64-fedora-gcc | 1.2.0 | 236.50 | NOTE | |||
r-devel-windows-x86_64 | 1.2.0 | 47.00 | 134.00 | 181.00 | OK | |
r-patched-linux-x86_64 | 1.2.0 | 35.61 | 105.40 | 141.01 | OK | |
r-release-linux-x86_64 | 1.2.0 | 33.67 | 105.98 | 139.65 | OK | |
r-release-macos-arm64 | 1.2.0 | 54.00 | OK | |||
r-release-macos-x86_64 | 1.2.0 | 132.00 | OK | |||
r-release-windows-x86_64 | 1.2.0 | 45.00 | 127.00 | 172.00 | OK | |
r-oldrel-macos-arm64 | 1.2.0 | 39.00 | NOTE | |||
r-oldrel-macos-x86_64 | 1.2.0 | 66.00 | NOTE | |||
r-oldrel-windows-x86_64 | 1.2.0 | 57.00 | 166.00 | 223.00 | NOTE |
Version: 1.2.0
Check: dependencies in R code
Result: NOTE
Namespace in Imports field not imported from: ‘Rcpp’
All declared Imports should be used.
Flavors: r-devel-linux-x86_64-fedora-clang, r-devel-linux-x86_64-fedora-gcc
Version: 1.2.0
Check: for GNU extensions in Makefiles
Result: NOTE
GNU make is a SystemRequirements.
Flavors: r-oldrel-macos-arm64, r-oldrel-macos-x86_64, r-oldrel-windows-x86_64