Last updated on 2025-05-24 13:49:38 CEST.
Flavor | Version | Tinstall | Tcheck | Ttotal | Status | Flags |
---|---|---|---|---|---|---|
r-devel-linux-x86_64-debian-clang | 2.10 | 6.69 | 75.10 | 81.79 | NOTE | |
r-devel-linux-x86_64-debian-gcc | 2.10 | 4.51 | 53.72 | 58.23 | NOTE | |
r-devel-linux-x86_64-fedora-clang | 2.10 | 131.62 | OK | |||
r-devel-linux-x86_64-fedora-gcc | 2.10 | 137.70 | OK | |||
r-devel-windows-x86_64 | 2.10 | 10.00 | 206.00 | 216.00 | OK | |
r-patched-linux-x86_64 | 2.10 | 7.83 | 69.86 | 77.69 | OK | |
r-release-linux-x86_64 | 2.10 | 6.05 | 70.61 | 76.66 | OK | |
r-release-macos-arm64 | 2.10 | 51.00 | OK | |||
r-release-macos-x86_64 | 2.10 | 98.00 | OK | |||
r-release-windows-x86_64 | 2.10 | 9.00 | 134.00 | 143.00 | OK | |
r-oldrel-macos-arm64 | 2.10 | 52.00 | OK | |||
r-oldrel-macos-x86_64 | 2.10 | 72.00 | OK | |||
r-oldrel-windows-x86_64 | 2.10 | 12.00 | 141.00 | 153.00 | OK |
Version: 2.10
Check: CRAN incoming feasibility
Result: NOTE
Maintainer: ‘Alina Matei <alina.matei@unine.ch>’
No Authors@R field in DESCRIPTION.
Please add one, modifying
Authors@R: c(person(given = "Yves",
family = "Tillé",
role = "aut",
email = "yves.tille@unine.ch"),
person(given = "Alina",
family = "Matei",
role = c("aut", "cre"),
email = "alina.matei@unine.ch"))
as necessary.
Flavors: r-devel-linux-x86_64-debian-clang, r-devel-linux-x86_64-debian-gcc