Last updated on 2025-05-24 17:52:30 CEST.
Flavor | Version | Tinstall | Tcheck | Ttotal | Status | Flags |
---|---|---|---|---|---|---|
r-devel-linux-x86_64-debian-clang | 0.1.0 | 9.73 | 79.27 | 89.00 | NOTE | |
r-devel-linux-x86_64-debian-gcc | 0.1.0 | 6.87 | 58.40 | 65.27 | NOTE | |
r-devel-linux-x86_64-fedora-clang | 0.1.0 | 138.59 | OK | |||
r-devel-linux-x86_64-fedora-gcc | 0.1.0 | 132.45 | OK | |||
r-devel-windows-x86_64 | 0.1.0 | 12.00 | 137.00 | 149.00 | OK | |
r-patched-linux-x86_64 | 0.1.0 | 8.89 | 74.96 | 83.85 | OK | |
r-release-linux-x86_64 | 0.1.0 | 8.36 | 75.14 | 83.50 | OK | |
r-release-macos-arm64 | 0.1.0 | 41.00 | OK | |||
r-release-macos-x86_64 | 0.1.0 | 72.00 | OK | |||
r-release-windows-x86_64 | 0.1.0 | 11.00 | 88.00 | 99.00 | OK | |
r-oldrel-macos-arm64 | 0.1.0 | 39.00 | NOTE | |||
r-oldrel-macos-x86_64 | 0.1.0 | 60.00 | NOTE | |||
r-oldrel-windows-x86_64 | 0.1.0 | 12.00 | 104.00 | 116.00 | NOTE |
Version: 0.1.0
Check: CRAN incoming feasibility
Result: NOTE
Maintainer: ‘Norbert Krautenbacher <norbert.krautenbacher@tum.de>’
No Authors@R field in DESCRIPTION.
Please add one, modifying
Authors@R: c(person(given = "Norbert",
family = "Krautenbacher",
role = c("aut", "cre"),
email = "norbert.krautenbacher@tum.de"),
person(given = "Kevin",
family = "Strauss",
role = "aut"),
person(given = "Maximilian",
family = "Mandl",
role = "aut"),
person(given = "Christiane",
family = "Fuchs",
role = "aut"))
as necessary.
Flavors: r-devel-linux-x86_64-debian-clang, r-devel-linux-x86_64-debian-gcc
Version: 0.1.0
Check: LazyData
Result: NOTE
'LazyData' is specified without a 'data' directory
Flavors: r-oldrel-macos-arm64, r-oldrel-macos-x86_64, r-oldrel-windows-x86_64