Last updated on 2025-07-24 09:50:11 CEST.
Flavor | Version | Tinstall | Tcheck | Ttotal | Status | Flags |
---|---|---|---|---|---|---|
r-devel-linux-x86_64-debian-clang | 0.1.0 | 236.43 | 175.17 | 411.60 | OK | |
r-devel-linux-x86_64-debian-gcc | 0.1.0 | 222.02 | 141.34 | 363.36 | OK | |
r-devel-linux-x86_64-fedora-clang | 0.1.0 | 659.63 | OK | |||
r-devel-linux-x86_64-fedora-gcc | 0.1.0 | 811.06 | OK | |||
r-devel-windows-x86_64 | 0.1.0 | 260.00 | 211.00 | 471.00 | OK | |
r-patched-linux-x86_64 | 0.1.0 | 277.00 | 190.00 | 467.00 | OK | |
r-release-linux-x86_64 | 0.1.0 | 283.42 | 190.82 | 474.24 | OK | |
r-release-macos-arm64 | 0.1.0 | 177.00 | OK | |||
r-release-macos-x86_64 | 0.1.0 | 288.00 | OK | |||
r-release-windows-x86_64 | 0.1.0 | 269.00 | 214.00 | 483.00 | OK | |
r-oldrel-macos-arm64 | 0.1.0 | 165.00 | NOTE | |||
r-oldrel-macos-x86_64 | 0.1.0 | 296.00 | NOTE | |||
r-oldrel-windows-x86_64 | 0.1.0 | 298.00 | 271.00 | 569.00 | OK |
Version: 0.1.0
Check: installed package size
Result: NOTE
installed size is 54.2Mb
sub-directories of 1Mb or more:
libs 53.9Mb
Flavors: r-oldrel-macos-arm64, r-oldrel-macos-x86_64
Version: 0.1.0
Check: for GNU extensions in Makefiles
Result: NOTE
GNU make is a SystemRequirements.
Flavors: r-oldrel-macos-arm64, r-oldrel-macos-x86_64