Last updated on 2025-07-21 13:51:07 CEST.
Flavor | Version | Tinstall | Tcheck | Ttotal | Status | Flags |
---|---|---|---|---|---|---|
r-devel-linux-x86_64-debian-clang | 1.0.0 | 7.04 | 54.64 | 61.68 | NOTE | |
r-devel-linux-x86_64-debian-gcc | 1.0.0 | 4.89 | 41.20 | 46.09 | NOTE | |
r-devel-linux-x86_64-fedora-clang | 1.0.0 | 92.96 | OK | |||
r-devel-linux-x86_64-fedora-gcc | 1.0.0 | 90.54 | OK | |||
r-devel-windows-x86_64 | 1.0.0 | 7.00 | 71.00 | 78.00 | OK | |
r-patched-linux-x86_64 | 1.0.0 | 6.11 | 52.34 | 58.45 | OK | |
r-release-linux-x86_64 | 1.0.0 | 6.51 | 51.86 | 58.37 | OK | |
r-release-macos-arm64 | 1.0.0 | 36.00 | OK | |||
r-release-macos-x86_64 | 1.0.0 | 70.00 | OK | |||
r-release-windows-x86_64 | 1.0.0 | 7.00 | 71.00 | 78.00 | OK | |
r-oldrel-macos-arm64 | 1.0.0 | 31.00 | NOTE | |||
r-oldrel-macos-x86_64 | 1.0.0 | 45.00 | NOTE | |||
r-oldrel-windows-x86_64 | 1.0.0 | 10.00 | 85.00 | 95.00 | NOTE |
Version: 1.0.0
Check: CRAN incoming feasibility
Result: NOTE
Maintainer: ‘Attila Csala <a@csala.me>’
Found the following URLs which should use \doi (with the DOI name only):
File ‘sRDA.Rd’:
https://doi.org/10.1093/bioinformatics/btx374
Flavors: r-devel-linux-x86_64-debian-clang, r-devel-linux-x86_64-debian-gcc
Version: 1.0.0
Check: LazyData
Result: NOTE
'LazyData' is specified without a 'data' directory
Flavors: r-oldrel-macos-arm64, r-oldrel-macos-x86_64, r-oldrel-windows-x86_64