Last updated on 2025-05-28 04:52:28 CEST.
Flavor | Version | Tinstall | Tcheck | Ttotal | Status | Flags |
---|---|---|---|---|---|---|
r-devel-linux-x86_64-debian-clang | 0.1.1 | 6.64 | 51.40 | 58.04 | OK | |
r-devel-linux-x86_64-debian-gcc | 0.1.1 | 4.44 | 34.87 | 39.31 | OK | |
r-devel-linux-x86_64-fedora-clang | 0.1.1 | 87.33 | OK | |||
r-devel-linux-x86_64-fedora-gcc | 0.1.1 | 83.65 | OK | |||
r-devel-windows-x86_64 | 0.1.1 | 8.00 | 63.00 | 71.00 | OK | |
r-patched-linux-x86_64 | 0.1.1 | 5.22 | 46.20 | 51.42 | OK | |
r-release-linux-x86_64 | 0.1.1 | 6.45 | 46.48 | 52.93 | OK | |
r-release-macos-arm64 | 0.1.1 | 27.00 | OK | |||
r-release-macos-x86_64 | 0.1.1 | 47.00 | OK | |||
r-release-windows-x86_64 | 0.1.1 | 9.00 | 76.00 | 85.00 | OK | |
r-oldrel-macos-arm64 | 0.1.1 | 27.00 | NOTE | |||
r-oldrel-macos-x86_64 | 0.1.1 | 63.00 | NOTE | |||
r-oldrel-windows-x86_64 | 0.1.1 | 11.00 | 77.00 | 88.00 | NOTE |
Version: 0.1.1
Check: LazyData
Result: NOTE
'LazyData' is specified without a 'data' directory
Flavors: r-oldrel-macos-arm64, r-oldrel-macos-x86_64, r-oldrel-windows-x86_64