CRAN Package Check Results for Package rtry

Last updated on 2025-07-15 17:50:20 CEST.

Flavor Version Tinstall Tcheck Ttotal Status Flags
r-devel-linux-x86_64-debian-clang 1.1.0 2.32 36.68 39.00 OK
r-devel-linux-x86_64-debian-gcc 1.1.0 1.85 28.31 30.16 OK
r-devel-linux-x86_64-fedora-clang 1.1.0 59.13 NOTE
r-devel-linux-x86_64-fedora-gcc 1.1.0 71.13 NOTE
r-devel-windows-x86_64 1.1.0 6.00 60.00 66.00 OK
r-patched-linux-x86_64 1.1.0 2.71 33.29 36.00 OK
r-release-linux-x86_64 1.1.0 2.41 33.21 35.62 OK
r-release-macos-arm64 1.1.0 30.00 OK
r-release-macos-x86_64 1.1.0 53.00 OK
r-release-windows-x86_64 1.1.0 4.00 66.00 70.00 OK
r-oldrel-macos-arm64 1.1.0 31.00 OK
r-oldrel-macos-x86_64 1.1.0 89.00 OK
r-oldrel-windows-x86_64 1.1.0 6.00 66.00 72.00 OK

Check Details

Version: 1.1.0
Check: dependencies in R code
Result: NOTE Namespace in Imports field not imported from: ‘curl’ All declared Imports should be used. Flavors: r-devel-linux-x86_64-fedora-clang, r-devel-linux-x86_64-fedora-gcc