CRAN Package Check Results for Package rtf

Last updated on 2025-07-21 09:50:05 CEST.

Flavor Version Tinstall Tcheck Ttotal Status Flags
r-devel-linux-x86_64-debian-clang 0.4-14.1 2.03 41.28 43.31 NOTE
r-devel-linux-x86_64-debian-gcc 0.4-14.1 1.98 31.67 33.65 NOTE
r-devel-linux-x86_64-fedora-clang 0.4-14.1 67.92 NOTE
r-devel-linux-x86_64-fedora-gcc 0.4-14.1 79.55 NOTE
r-devel-windows-x86_64 0.4-14.1 5.00 72.00 77.00 OK
r-patched-linux-x86_64 0.4-14.1 3.43 39.20 42.63 NOTE
r-release-linux-x86_64 0.4-14.1 2.81 39.61 42.42 NOTE
r-release-macos-arm64 0.4-14.1 51.00 OK
r-release-macos-x86_64 0.4-14.1 83.00 OK
r-release-windows-x86_64 0.4-14.1 3.00 73.00 76.00 OK
r-oldrel-macos-arm64 0.4-14.1 30.00 OK
r-oldrel-macos-x86_64 0.4-14.1 56.00 OK
r-oldrel-windows-x86_64 0.4-14.1 6.00 77.00 83.00 OK

Check Details

Version: 0.4-14.1
Check: for non-standard things in the check directory
Result: NOTE Found the following files/directories: ‘test_addPageBreak.doc’ ‘test_addPlot.doc’ ‘test_addSessionInfo.doc’ ‘test_addTable.doc’ Flavors: r-devel-linux-x86_64-debian-clang, r-devel-linux-x86_64-debian-gcc, r-devel-linux-x86_64-fedora-clang, r-devel-linux-x86_64-fedora-gcc, r-patched-linux-x86_64, r-release-linux-x86_64