Last updated on 2025-07-25 09:50:57 CEST.
Flavor | Version | Tinstall | Tcheck | Ttotal | Status | Flags |
---|---|---|---|---|---|---|
r-devel-linux-x86_64-debian-clang | 0.2.1 | 2.37 | 48.01 | 50.38 | OK | |
r-devel-linux-x86_64-debian-gcc | 0.2.1 | 1.66 | 35.03 | 36.69 | OK | |
r-devel-linux-x86_64-fedora-clang | 0.2.1 | 80.53 | OK | |||
r-devel-linux-x86_64-fedora-gcc | 0.2.1 | 89.18 | OK | |||
r-devel-windows-x86_64 | 0.2.1 | 4.00 | 0.00 | 4.00 | FAIL | |
r-patched-linux-x86_64 | 0.2.1 | 2.32 | 44.01 | 46.33 | OK | |
r-release-linux-x86_64 | 0.2.1 | 2.25 | 44.30 | 46.55 | OK | |
r-release-macos-arm64 | 0.2.1 | 31.00 | OK | |||
r-release-macos-x86_64 | 0.2.1 | 57.00 | OK | |||
r-release-windows-x86_64 | 0.2.1 | 4.00 | 62.00 | 66.00 | OK | |
r-oldrel-macos-arm64 | 0.2.1 | 30.00 | NOTE | |||
r-oldrel-macos-x86_64 | 0.2.1 | 48.00 | NOTE | |||
r-oldrel-windows-x86_64 | 0.2.1 | 5.00 | 74.00 | 79.00 | NOTE |
Version: 0.2.1
Check: PDF version of manual
Result: FAIL
Check process probably crashed or hung up for 20 minutes ... killed
Most likely this happened in the example checks (?),
if not, ignore the following last lines of example output:
Adding a ghost value
# A tibble: 4 × 11
subject_id visit time_of_ad m_f educ ses age mr_delay e_tiv n_wbv asf
<chr> <int> <dbl> <chr> <int> <fct> <int> <int> <int> <dbl> <dbl>
1 OAS2_0009 1 NA M 12 2 68 0 1457 0.806 1.20
2 OAS2_0009 2 NA M 12 2 69 576 1480 0.791 1.19
3 OAS2_0046 1 2 F 15 2 83 0 1476 0.75 1.19
4 OAS2_0046 2 2 F 15 2 85 575 1483 0.748 1.18
>
>
>
>
> ### * <FOOTER>
> ###
> cleanEx()
detaching 'package:dplyr'
> options(digits = 7L)
> base::cat("Time elapsed: ", proc.time() - base::get("ptime", pos = 'CheckExEnv'),"\n")
Time elapsed: 4.73 0.37 5.1 NA NA
> grDevices::dev.off()
null device
1
> ###
> ### Local variables: ***
> ### mode: outline-minor ***
> ### outline-regexp: "\\(> \\)?### [*]+" ***
> ### End: ***
> quit('no')
======== End of example output (where/before crash/hang up occured ?) ========
Flavor: r-devel-windows-x86_64
Version: 0.2.1
Check: package dependencies
Result: NOTE
Package suggested but not available for checking: ‘gurobi’
Flavors: r-oldrel-macos-arm64, r-oldrel-macos-x86_64, r-oldrel-windows-x86_64